{"id":8928,"date":"2024-10-26T13:20:59","date_gmt":"2024-10-26T13:20:59","guid":{"rendered":"https:\/\/sitepersojlc.fr\/?page_id=8928"},"modified":"2024-10-26T13:22:08","modified_gmt":"2024-10-26T13:22:08","slug":"cles-pour-un-avenir-durable","status":"publish","type":"page","link":"https:\/\/sitepersojlc.fr\/?page_id=8928","title":{"rendered":"Cl\u00e9s pour un avenir durable"},"content":{"rendered":"\n<p><\/p>\n\n\n\n<figure class=\"wp-block-image size-large\"><img decoding=\"async\" loading=\"lazy\" width=\"1024\" height=\"768\" src=\"https:\/\/sitepersojlc.fr\/wp-content\/uploads\/2024\/01\/164703298_1163204754134644_379123229658572658_n-3-1024x768.jpg\" alt=\"\" class=\"wp-image-7011\" srcset=\"https:\/\/sitepersojlc.fr\/wp-content\/uploads\/2024\/01\/164703298_1163204754134644_379123229658572658_n-3-1024x768.jpg 1024w, https:\/\/sitepersojlc.fr\/wp-content\/uploads\/2024\/01\/164703298_1163204754134644_379123229658572658_n-3-300x225.jpg 300w, https:\/\/sitepersojlc.fr\/wp-content\/uploads\/2024\/01\/164703298_1163204754134644_379123229658572658_n-3-768x576.jpg 768w, https:\/\/sitepersojlc.fr\/wp-content\/uploads\/2024\/01\/164703298_1163204754134644_379123229658572658_n-3-1536x1152.jpg 1536w, https:\/\/sitepersojlc.fr\/wp-content\/uploads\/2024\/01\/164703298_1163204754134644_379123229658572658_n-3.jpg 1728w\" sizes=\"(max-width: 1024px) 100vw, 1024px\" \/><\/figure>\n\n\n\n<p><\/p>\n\n\n\n<p><\/p>\n\n\n\n<h4 style=\"text-align: justify;\"><em>Retrouvez <a href=\"https:\/\/clespourunavenirdurable.fr\/\">ici<\/a> toute une s\u00e9rie d&rsquo;articles traduits du \u00ab\u00a0Journal de Cadmus\u00a0\u00bb, revue publi\u00e9e \u00e0 l&rsquo;initiative de membres de l&rsquo;Acad\u00e9mie Mondiale des Arts et des Sciences.\u00a0 \u00a0<\/em><\/h4>\n\n\n\n<p><\/p>\n<div class=\"likebtn_container\" style=\"\"><!-- LikeBtn.com BEGIN --><span class=\"likebtn-wrapper\"  data-identifier=\"page_8928\"  data-site_id=\"6663fc396fd08b3d0b514646\"  data-lang=\"fr\"  data-style=\"\"  data-unlike_allowed=\"\"  data-show_copyright=\"\"  data-item_url=\"https:\/\/sitepersojlc.fr\/?page_id=8928\"  data-item_title=\"Cl\u00e9s pour un avenir durable\"  data-item_date=\"2024-10-26T13:20:59+00:00\"  data-engine=\"WordPress\"  data-plugin_v=\"2.6.52\"  data-prx=\"https:\/\/sitepersojlc.fr\/wp-admin\/admin-ajax.php?action=likebtn_prx\"  data-event_handler=\"likebtn_eh\" ><\/span><!-- LikeBtn.com END --><\/div>","protected":false},"excerpt":{"rendered":"<p>Retrouvez ici toute une s\u00e9rie d&rsquo;articles traduits du \u00ab\u00a0Journal de Cadmus\u00a0\u00bb, revue publi\u00e9e \u00e0 l&rsquo;initiative de membres de l&rsquo;Acad\u00e9mie Mondiale des Arts et des Sciences.\u00a0 \u00a0<\/p>\n<div class=\"likebtn_container\" style=\"\"><!-- LikeBtn.com BEGIN --><span class=\"likebtn-wrapper\"  data-identifier=\"page_8928\"  data-site_id=\"6663fc396fd08b3d0b514646\"  data-lang=\"fr\"  data-style=\"\"  data-unlike_allowed=\"\"  data-show_copyright=\"\"  data-item_url=\"https:\/\/sitepersojlc.fr\/?page_id=8928\"  data-item_title=\"Cl\u00e9s pour un avenir durable\"  data-item_date=\"2024-10-26T13:20:59+00:00\"  data-engine=\"WordPress\"  data-plugin_v=\"2.6.52\"  data-prx=\"https:\/\/sitepersojlc.fr\/wp-admin\/admin-ajax.php?action=likebtn_prx\"  data-event_handler=\"likebtn_eh\" ><\/span><!-- LikeBtn.com END --><\/div>","protected":false},"author":1,"featured_media":0,"parent":0,"menu_order":0,"comment_status":"closed","ping_status":"closed","template":"","meta":{"om_disable_all_campaigns":false,"_uag_custom_page_level_css":"","_monsterinsights_skip_tracking":false,"_monsterinsights_sitenote_active":false,"_monsterinsights_sitenote_note":"","_monsterinsights_sitenote_category":0,"_uf_show_specific_survey":0,"_uf_disable_surveys":false,"footnotes":""},"aioseo_notices":[],"uagb_featured_image_src":{"full":false,"thumbnail":false,"medium":false,"medium_large":false,"large":false,"1536x1536":false,"2048x2048":false},"uagb_author_info":{"display_name":"lechev.1910@gmail.com","author_link":"https:\/\/sitepersojlc.fr\/?author=1"},"uagb_comment_info":0,"uagb_excerpt":"Retrouvez ici toute une s\u00e9rie d&rsquo;articles traduits du \u00ab\u00a0Journal de Cadmus\u00a0\u00bb, revue publi\u00e9e \u00e0 l&rsquo;initiative de membres de l&rsquo;Acad\u00e9mie Mondiale des Arts et des Sciences.\u00a0 \u00a0","_links":{"self":[{"href":"https:\/\/sitepersojlc.fr\/index.php?rest_route=\/wp\/v2\/pages\/8928"}],"collection":[{"href":"https:\/\/sitepersojlc.fr\/index.php?rest_route=\/wp\/v2\/pages"}],"about":[{"href":"https:\/\/sitepersojlc.fr\/index.php?rest_route=\/wp\/v2\/types\/page"}],"author":[{"embeddable":true,"href":"https:\/\/sitepersojlc.fr\/index.php?rest_route=\/wp\/v2\/users\/1"}],"replies":[{"embeddable":true,"href":"https:\/\/sitepersojlc.fr\/index.php?rest_route=%2Fwp%2Fv2%2Fcomments&post=8928"}],"version-history":[{"count":2,"href":"https:\/\/sitepersojlc.fr\/index.php?rest_route=\/wp\/v2\/pages\/8928\/revisions"}],"predecessor-version":[{"id":8931,"href":"https:\/\/sitepersojlc.fr\/index.php?rest_route=\/wp\/v2\/pages\/8928\/revisions\/8931"}],"wp:attachment":[{"href":"https:\/\/sitepersojlc.fr\/index.php?rest_route=%2Fwp%2Fv2%2Fmedia&parent=8928"}],"curies":[{"name":"wp","href":"https:\/\/api.w.org\/{rel}","templated":true}]}}