{"id":8417,"date":"2024-04-18T06:24:22","date_gmt":"2024-04-18T06:24:22","guid":{"rendered":"https:\/\/sitepersojlc.fr\/?page_id=8417"},"modified":"2025-05-06T01:03:17","modified_gmt":"2025-05-06T01:03:17","slug":"regime-social-et-fiscal-des-indemnites-de-depart","status":"publish","type":"page","link":"https:\/\/sitepersojlc.fr\/?page_id=8417","title":{"rendered":"R\u00e9gime Social et Fiscal des Indemnit\u00e9s de D\u00e9part"},"content":{"rendered":"\n<p><\/p>\n\n\n\n<p>\u00a0<\/p>\n<h3 style=\"text-align: center;\">R\u00e9gime Social et Fiscal des Indemnit\u00e9s de D\u00e9part (2025)<\/h3>\n<p style=\"text-align: center;\"><em>Actualisation 2025 \u00e0 venir<\/em> <\/p>\n\n\n\n<h4 style=\"text-align: justify;\">Cessation forc\u00e9e des fonctions de dirigeant ou de mandataire social .Cette maquette traite \u00e9galement le r\u00e9gime des Parachutes Dor\u00e9s\u00a0<\/h4>\n<p>\u00a0<\/p>\n\n\n\n<p><\/p>\n\n\n\n<div class=\"wp-block-uagb-buttons uagb-buttons__outer-wrap uagb-btn__default-btn uagb-btn-tablet__default-btn uagb-btn-mobile__default-btn uagb-block-8ed96413\"><div class=\"uagb-buttons__wrap uagb-buttons-layout-wrap\">\n<div class=\"wp-block-uagb-buttons-child uagb-buttons__outer-wrap uagb-block-072a378e wp-block-button is-style-outline\"><div class=\"uagb-button__wrapper\"><a class=\"uagb-buttons-repeater wp-block-button__link has-background has-text-color\" href=\"#\" onclick=\"return false;\" rel=\"follow noopener\" target=\"_self\"><div class=\"uagb-button__link\">Cessation forc\u00e9e des fonctions de dirigeant <\/div><\/a><\/div><\/div>\n<\/div><\/div>\n\n\n\n<p><\/p>\n\n\n\n<h4>&nbsp;<\/h4>\n<h4 style=\"text-align: center;\">Salari\u00e9s mis \u00e0 la retraite<\/h4>\n<h4 style=\"text-align: center;\">&nbsp;<\/h4>\n\n\n\n<p><\/p>\n\n\n\n<p><\/p>\n\n\n\n<div class=\"wp-block-uagb-buttons uagb-buttons__outer-wrap uagb-btn__default-btn uagb-btn-tablet__default-btn uagb-btn-mobile__default-btn uagb-block-ea6b9c75\"><div class=\"uagb-buttons__wrap uagb-buttons-layout-wrap\">\n<div class=\"wp-block-uagb-buttons-child uagb-buttons__outer-wrap uagb-block-2543e63d wp-block-button is-style-outline\"><div class=\"uagb-button__wrapper\"><a class=\"uagb-buttons-repeater wp-block-button__link has-background has-text-color\" href=\"#\" onclick=\"return false;\" rel=\"follow noopener\" target=\"_self\"><div class=\"uagb-button__link\">Mise \u00e0 la retraite <\/div><\/a><\/div><\/div>\n<\/div><\/div>\n\n\n\n<p style=\"text-align: center;\"><em>En cours de relecture<\/em><\/p>\n\n\n\n<p>&nbsp;<\/p>\n<h4 style=\"text-align: justify;\">Rupture Conventionnelle Individuelle hors Plan de Sauvegarde pour l&rsquo;Emploi ( cas o\u00f9 le salari\u00e9,&nbsp; ne peut faire valoir ses droits \u00e0 la retraite et cas o\u00f9 le salari\u00e9 peut faire valoir ses droits \u00e0 la retraite ) Cette maquette comprend \u00e9galement le traitement du r\u00e9gime des parachutes dor\u00e9s.<\/h4>\n<p>&nbsp;<\/p>\n\n\n\n<div class=\"wp-block-buttons is-layout-flex\"><\/div>\n\n\n\n\n\n<div class=\"wp-block-buttons is-layout-flex\"><\/div>\n\n\n\n<div class=\"wp-block-uagb-buttons uagb-buttons__outer-wrap uagb-btn__default-btn uagb-btn-tablet__default-btn uagb-btn-mobile__default-btn uagb-block-10d4423a\"><div class=\"uagb-buttons__wrap uagb-buttons-layout-wrap\">\n<div class=\"wp-block-uagb-buttons-child uagb-buttons__outer-wrap uagb-block-d0bbe952 wp-block-button is-style-outline\"><div class=\"uagb-button__wrapper\"><a class=\"uagb-buttons-repeater wp-block-button__link has-background has-text-color\" href=\"#\" onclick=\"return false;\" rel=\"follow noopener\" target=\"_self\"><div class=\"uagb-button__link\">Rupture Conventionnelle Individuelle Hors PSE R\u00e9gime des salari\u00e9s  <\/div><\/a><\/div><\/div>\n<\/div><\/div>\n\n\n\n<p style=\"text-align: center;\"><em>Mis en ligne le 21\/04\/2024<\/em><\/p>\n\n\n\n<p>\u00a0<\/p>\n<p>\u00a0<\/p>\n\n\n\n<p><\/p>\n\n\n\n<p><\/p>\n\n\n\n<div class=\"wp-block-uagb-buttons uagb-buttons__outer-wrap uagb-btn__default-btn uagb-btn-tablet__default-btn uagb-btn-mobile__default-btn uagb-block-6e2bd29f\"><div class=\"uagb-buttons__wrap uagb-buttons-layout-wrap\"><\/div><\/div>\n<div class=\"likebtn_container\" style=\"\"><!-- LikeBtn.com BEGIN --><span class=\"likebtn-wrapper\"  data-identifier=\"page_8417\"  data-site_id=\"6663fc396fd08b3d0b514646\"  data-lang=\"fr\"  data-style=\"\"  data-unlike_allowed=\"\"  data-show_copyright=\"\"  data-item_url=\"https:\/\/sitepersojlc.fr\/?page_id=8417\"  data-item_title=\"R\u00e9gime Social et Fiscal des Indemnit\u00e9s de D\u00e9part\"  data-item_date=\"2024-04-18T06:24:22+00:00\"  data-engine=\"WordPress\"  data-plugin_v=\"2.6.52\"  data-prx=\"https:\/\/sitepersojlc.fr\/wp-admin\/admin-ajax.php?action=likebtn_prx\"  data-event_handler=\"likebtn_eh\" ><\/span><!-- LikeBtn.com END --><\/div>","protected":false},"excerpt":{"rendered":"<p>\u00a0 R\u00e9gime Social et Fiscal des Indemnit\u00e9s de D\u00e9part (2025) Actualisation 2025 \u00e0 venir Cessation forc\u00e9e des fonctions de dirigeant ou de mandataire social .Cette maquette traite \u00e9galement le r\u00e9gime des Parachutes Dor\u00e9s\u00a0 \u00a0 &nbsp; Salari\u00e9s mis \u00e0 la retraite &nbsp; En cours de relecture &nbsp; Rupture Conventionnelle Individuelle hors Plan de Sauvegarde pour l&rsquo;Emploi [&hellip;]<\/p>\n<div class=\"likebtn_container\" style=\"\"><!-- LikeBtn.com BEGIN --><span class=\"likebtn-wrapper\"  data-identifier=\"page_8417\"  data-site_id=\"6663fc396fd08b3d0b514646\"  data-lang=\"fr\"  data-style=\"\"  data-unlike_allowed=\"\"  data-show_copyright=\"\"  data-item_url=\"https:\/\/sitepersojlc.fr\/?page_id=8417\"  data-item_title=\"R\u00e9gime Social et Fiscal des Indemnit\u00e9s de D\u00e9part\"  data-item_date=\"2024-04-18T06:24:22+00:00\"  data-engine=\"WordPress\"  data-plugin_v=\"2.6.52\"  data-prx=\"https:\/\/sitepersojlc.fr\/wp-admin\/admin-ajax.php?action=likebtn_prx\"  data-event_handler=\"likebtn_eh\" ><\/span><!-- LikeBtn.com END --><\/div>","protected":false},"author":1,"featured_media":0,"parent":0,"menu_order":0,"comment_status":"closed","ping_status":"closed","template":"","meta":{"om_disable_all_campaigns":false,"_uag_custom_page_level_css":"","_monsterinsights_skip_tracking":false,"_monsterinsights_sitenote_active":false,"_monsterinsights_sitenote_note":"","_monsterinsights_sitenote_category":0,"_uf_show_specific_survey":0,"_uf_disable_surveys":false,"footnotes":""},"aioseo_notices":[],"uagb_featured_image_src":{"full":false,"thumbnail":false,"medium":false,"medium_large":false,"large":false,"1536x1536":false,"2048x2048":false},"uagb_author_info":{"display_name":"lechev.1910@gmail.com","author_link":"https:\/\/sitepersojlc.fr\/?author=1"},"uagb_comment_info":0,"uagb_excerpt":"\u00a0 R\u00e9gime Social et Fiscal des Indemnit\u00e9s de D\u00e9part (2025) Actualisation 2025 \u00e0 venir Cessation forc\u00e9e des fonctions de dirigeant ou de mandataire social .Cette maquette traite \u00e9galement le r\u00e9gime des Parachutes Dor\u00e9s\u00a0 \u00a0 &nbsp; Salari\u00e9s mis \u00e0 la retraite &nbsp; En cours de relecture &nbsp; Rupture Conventionnelle Individuelle hors Plan de Sauvegarde pour l&rsquo;Emploi\u2026","_links":{"self":[{"href":"https:\/\/sitepersojlc.fr\/index.php?rest_route=\/wp\/v2\/pages\/8417"}],"collection":[{"href":"https:\/\/sitepersojlc.fr\/index.php?rest_route=\/wp\/v2\/pages"}],"about":[{"href":"https:\/\/sitepersojlc.fr\/index.php?rest_route=\/wp\/v2\/types\/page"}],"author":[{"embeddable":true,"href":"https:\/\/sitepersojlc.fr\/index.php?rest_route=\/wp\/v2\/users\/1"}],"replies":[{"embeddable":true,"href":"https:\/\/sitepersojlc.fr\/index.php?rest_route=%2Fwp%2Fv2%2Fcomments&post=8417"}],"version-history":[{"count":22,"href":"https:\/\/sitepersojlc.fr\/index.php?rest_route=\/wp\/v2\/pages\/8417\/revisions"}],"predecessor-version":[{"id":9997,"href":"https:\/\/sitepersojlc.fr\/index.php?rest_route=\/wp\/v2\/pages\/8417\/revisions\/9997"}],"wp:attachment":[{"href":"https:\/\/sitepersojlc.fr\/index.php?rest_route=%2Fwp%2Fv2%2Fmedia&parent=8417"}],"curies":[{"name":"wp","href":"https:\/\/api.w.org\/{rel}","templated":true}]}}