{"id":8078,"date":"2024-04-03T14:30:13","date_gmt":"2024-04-03T14:30:13","guid":{"rendered":"https:\/\/sitepersojlc.fr\/?page_id=8078"},"modified":"2024-04-09T07:59:51","modified_gmt":"2024-04-09T07:59:51","slug":"dirigeants-2024","status":"publish","type":"page","link":"https:\/\/sitepersojlc.fr\/?page_id=8078","title":{"rendered":"Dirigeants 2024"},"content":{"rendered":"\n<figure class=\"wp-block-image size-large\"><img decoding=\"async\" loading=\"lazy\" width=\"768\" height=\"1024\" src=\"https:\/\/sitepersojlc.fr\/wp-content\/uploads\/2024\/04\/ARIZONA-4-1-768x1024.jpg\" alt=\"\" class=\"wp-image-8228\" srcset=\"https:\/\/sitepersojlc.fr\/wp-content\/uploads\/2024\/04\/ARIZONA-4-1-768x1024.jpg 768w, https:\/\/sitepersojlc.fr\/wp-content\/uploads\/2024\/04\/ARIZONA-4-1-225x300.jpg 225w, https:\/\/sitepersojlc.fr\/wp-content\/uploads\/2024\/04\/ARIZONA-4-1-1152x1536.jpg 1152w, https:\/\/sitepersojlc.fr\/wp-content\/uploads\/2024\/04\/ARIZONA-4-1.jpg 1536w\" sizes=\"(max-width: 768px) 100vw, 768px\" \/><\/figure>\n\n\n\n<h2 class=\"wp-block-heading\" style=\"text-align: center;\"><em>Bulletins de paie des Dirigeants<\/em><\/h2>\n<p>&nbsp;<\/p>\n\n\n\n<h3 class=\"wp-block-heading\" style=\"text-align: justify;\">Dans le fichier ci-dessous vous trouverez l\u2019essentiel des dispositions \u00e0 conna\u00eetre les&nbsp; dirigeants dits \u00ab&nbsp;assimil\u00e9s salari\u00e9s&nbsp;\u00bb.<\/h3>\n<p>&nbsp;<\/p>\n\n\n\n<p><a href=\"https:\/\/sitepersojlc.fr\/?page_id=6055#\"><\/a><\/p>\n\n\n\n<div class=\"wp-block-uagb-buttons uagb-buttons__outer-wrap uagb-btn__default-btn uagb-btn-tablet__default-btn uagb-btn-mobile__default-btn uagb-block-33efc8eb\"><div class=\"uagb-buttons__wrap uagb-buttons-layout-wrap\">\n<div class=\"wp-block-uagb-buttons-child uagb-buttons__outer-wrap uagb-block-590d3216 wp-block-button is-style-outline\"><div class=\"uagb-button__wrapper\"><a class=\"uagb-buttons-repeater wp-block-button__link has-background has-text-color\" href=\"https:\/\/sitepersojlc.fr\/wp-content\/uploads\/2024\/04\/Les-dirigeants-assimiles-salaries.zip\" onclick=\"return true;\" rel=\"follow noopener\" target=\"_self\"><div class=\"uagb-button__link\">Dirigeants assimil\u00e9s salari\u00e9s : l&rsquo;essentiel <\/div><\/a><\/div><\/div>\n<\/div><\/div>\n\n\n\n<h3>&nbsp;<\/h3>\n<h3 class=\"wp-block-heading\" style=\"text-align: justify;\">Suivent ici 2 exemples de bulletins de paie : l\u2019un concerne un g\u00e9rant minoritaire de SARL n\u2019ayant pas de contrat de travail, percevant une&nbsp; indemnit\u00e9 de g\u00e9rance et b\u00e9n\u00e9ficiant d\u2019un avantage en nature logement ; l\u2019autre o\u00f9 le g\u00e9rant minoritaire d\u2019une SARL per\u00e7oit \u00e0 la fois une r\u00e9mun\u00e9ration en tant que salari\u00e9&nbsp; et une indemnit\u00e9 de g\u00e9rance<\/h3>\n\n\n\n<p><a href=\"https:\/\/sitepersojlc.fr\/wp-content\/uploads\/2023\/11\/REMUNERATION-GERANT-MINORITAIRE-SARL-PAS-DE-CONTRAT-DE-TRAVAIL.zip\"><\/a><\/p>\n\n\n\n<p><a href=\"https:\/\/sitepersojlc.fr\/wp-content\/uploads\/2023\/11\/REMUNERATION-GERANT-MINORITAIRE-SARL-CONTRAT-DE-TRAVAIL-ET-MANDAT-DE-GERANCE.zip\"><\/a><\/p>\n\n\n\n\n\n<div class=\"wp-block-uagb-buttons uagb-buttons__outer-wrap uagb-btn__default-btn uagb-btn-tablet__default-btn uagb-btn-mobile__default-btn uagb-block-4d6fca23\"><div class=\"uagb-buttons__wrap uagb-buttons-layout-wrap\">\n<div class=\"wp-block-uagb-buttons-child uagb-buttons__outer-wrap uagb-block-d0d46899 wp-block-button is-style-outline\"><div class=\"uagb-button__wrapper\"><a class=\"uagb-buttons-repeater wp-block-button__link has-background has-text-color\" href=\"https:\/\/sitepersojlc.fr\/wp-content\/uploads\/2024\/04\/INDEMNITE-DE-GERANCE-ET-CONTRAT-DE-TRAVAIL-2024.zip\" onclick=\"return true;\" rel=\"follow noopener\" target=\"_self\"><div class=\"uagb-button__link\">G\u00e9rant minoritaire SARL \u00e0 la fois salari\u00e9 et g\u00e9rant <\/div><\/a><\/div><\/div>\n<\/div><\/div>\n\n\n\n<p><\/p>\n\n\n\n<p><\/p>\n\n\n\n<div class=\"wp-block-uagb-buttons uagb-buttons__outer-wrap uagb-btn__default-btn uagb-btn-tablet__default-btn uagb-btn-mobile__default-btn uagb-block-db9deeb9\"><div class=\"uagb-buttons__wrap uagb-buttons-layout-wrap\">\n<div class=\"wp-block-uagb-buttons-child uagb-buttons__outer-wrap uagb-block-c4f3e6e9 wp-block-button is-style-outline\"><div class=\"uagb-button__wrapper\"><a class=\"uagb-buttons-repeater wp-block-button__link has-background has-text-color\" href=\"https:\/\/sitepersojlc.fr\/wp-content\/uploads\/2024\/04\/INDEMNITE-DE-GERANCE-ET-AVANTAGE-EN-NATURE-LOGEMENT-2024.zip\" onclick=\"return true;\" rel=\"follow noopener\" target=\"_self\"><div class=\"uagb-button__link\">Indemnit\u00e9 de g\u00e9rance seule avec avantage en nature Logement<\/div><\/a><\/div><\/div>\n<\/div><\/div>\n\n\n\n<p><\/p>\n<div class=\"likebtn_container\" style=\"\"><!-- LikeBtn.com BEGIN --><span class=\"likebtn-wrapper\"  data-identifier=\"page_8078\"  data-site_id=\"6663fc396fd08b3d0b514646\"  data-lang=\"fr\"  data-style=\"\"  data-unlike_allowed=\"\"  data-show_copyright=\"\"  data-item_url=\"https:\/\/sitepersojlc.fr\/?page_id=8078\"  data-item_title=\"Dirigeants 2024\"  data-item_date=\"2024-04-03T14:30:13+00:00\"  data-engine=\"WordPress\"  data-plugin_v=\"2.6.52\"  data-prx=\"https:\/\/sitepersojlc.fr\/wp-admin\/admin-ajax.php?action=likebtn_prx\"  data-event_handler=\"likebtn_eh\" ><\/span><!-- LikeBtn.com END --><\/div>","protected":false},"excerpt":{"rendered":"<p>Bulletins de paie des Dirigeants &nbsp; Dans le fichier ci-dessous vous trouverez l\u2019essentiel des dispositions \u00e0 conna\u00eetre les&nbsp; dirigeants dits \u00ab&nbsp;assimil\u00e9s salari\u00e9s&nbsp;\u00bb. &nbsp; &nbsp; Suivent ici 2 exemples de bulletins de paie : l\u2019un concerne un g\u00e9rant minoritaire de SARL n\u2019ayant pas de contrat de travail, percevant une&nbsp; indemnit\u00e9 de g\u00e9rance et b\u00e9n\u00e9ficiant d\u2019un avantage [&hellip;]<\/p>\n<div class=\"likebtn_container\" style=\"\"><!-- LikeBtn.com BEGIN --><span class=\"likebtn-wrapper\"  data-identifier=\"page_8078\"  data-site_id=\"6663fc396fd08b3d0b514646\"  data-lang=\"fr\"  data-style=\"\"  data-unlike_allowed=\"\"  data-show_copyright=\"\"  data-item_url=\"https:\/\/sitepersojlc.fr\/?page_id=8078\"  data-item_title=\"Dirigeants 2024\"  data-item_date=\"2024-04-03T14:30:13+00:00\"  data-engine=\"WordPress\"  data-plugin_v=\"2.6.52\"  data-prx=\"https:\/\/sitepersojlc.fr\/wp-admin\/admin-ajax.php?action=likebtn_prx\"  data-event_handler=\"likebtn_eh\" ><\/span><!-- LikeBtn.com END --><\/div>","protected":false},"author":1,"featured_media":0,"parent":0,"menu_order":0,"comment_status":"closed","ping_status":"closed","template":"","meta":{"om_disable_all_campaigns":false,"_uag_custom_page_level_css":"","_monsterinsights_skip_tracking":false,"_monsterinsights_sitenote_active":false,"_monsterinsights_sitenote_note":"","_monsterinsights_sitenote_category":0,"_uf_show_specific_survey":0,"_uf_disable_surveys":false,"footnotes":""},"aioseo_notices":[],"uagb_featured_image_src":{"full":false,"thumbnail":false,"medium":false,"medium_large":false,"large":false,"1536x1536":false,"2048x2048":false},"uagb_author_info":{"display_name":"lechev.1910@gmail.com","author_link":"https:\/\/sitepersojlc.fr\/?author=1"},"uagb_comment_info":0,"uagb_excerpt":"Bulletins de paie des Dirigeants &nbsp; Dans le fichier ci-dessous vous trouverez l\u2019essentiel des dispositions \u00e0 conna\u00eetre les&nbsp; dirigeants dits \u00ab&nbsp;assimil\u00e9s salari\u00e9s&nbsp;\u00bb. &nbsp; &nbsp; Suivent ici 2 exemples de bulletins de paie : l\u2019un concerne un g\u00e9rant minoritaire de SARL n\u2019ayant pas de contrat de travail, percevant une&nbsp; indemnit\u00e9 de g\u00e9rance et b\u00e9n\u00e9ficiant d\u2019un avantage\u2026","_links":{"self":[{"href":"https:\/\/sitepersojlc.fr\/index.php?rest_route=\/wp\/v2\/pages\/8078"}],"collection":[{"href":"https:\/\/sitepersojlc.fr\/index.php?rest_route=\/wp\/v2\/pages"}],"about":[{"href":"https:\/\/sitepersojlc.fr\/index.php?rest_route=\/wp\/v2\/types\/page"}],"author":[{"embeddable":true,"href":"https:\/\/sitepersojlc.fr\/index.php?rest_route=\/wp\/v2\/users\/1"}],"replies":[{"embeddable":true,"href":"https:\/\/sitepersojlc.fr\/index.php?rest_route=%2Fwp%2Fv2%2Fcomments&post=8078"}],"version-history":[{"count":10,"href":"https:\/\/sitepersojlc.fr\/index.php?rest_route=\/wp\/v2\/pages\/8078\/revisions"}],"predecessor-version":[{"id":8229,"href":"https:\/\/sitepersojlc.fr\/index.php?rest_route=\/wp\/v2\/pages\/8078\/revisions\/8229"}],"wp:attachment":[{"href":"https:\/\/sitepersojlc.fr\/index.php?rest_route=%2Fwp%2Fv2%2Fmedia&parent=8078"}],"curies":[{"name":"wp","href":"https:\/\/api.w.org\/{rel}","templated":true}]}}