{"id":7827,"date":"2024-03-28T09:07:04","date_gmt":"2024-03-28T09:07:04","guid":{"rendered":"https:\/\/sitepersojlc.fr\/?page_id=7827"},"modified":"2024-04-09T08:00:15","modified_gmt":"2024-04-09T08:00:15","slug":"forfait-jours-forfait-heures-2024","status":"publish","type":"page","link":"https:\/\/sitepersojlc.fr\/?page_id=7827","title":{"rendered":"Forfait jours &#8211; Forfait heures (2024)"},"content":{"rendered":"\n<figure class=\"wp-block-image size-full\"><img decoding=\"async\" loading=\"lazy\" width=\"1024\" height=\"768\" src=\"https:\/\/sitepersojlc.fr\/wp-content\/uploads\/2024\/03\/ALLANT-VERS-LA-PERFECTION.jpg\" alt=\"\" class=\"wp-image-7930\" srcset=\"https:\/\/sitepersojlc.fr\/wp-content\/uploads\/2024\/03\/ALLANT-VERS-LA-PERFECTION.jpg 1024w, https:\/\/sitepersojlc.fr\/wp-content\/uploads\/2024\/03\/ALLANT-VERS-LA-PERFECTION-300x225.jpg 300w, https:\/\/sitepersojlc.fr\/wp-content\/uploads\/2024\/03\/ALLANT-VERS-LA-PERFECTION-768x576.jpg 768w\" sizes=\"(max-width: 1024px) 100vw, 1024px\" \/><\/figure>\n\n\n\n<h2>&nbsp;<\/h2>\n<h2 class=\"wp-block-heading\" style=\"text-align: center;\">Bulletins de paie des salari\u00e9s en forfait jours et forfait heures<\/h2>\n<p>&nbsp;<\/p>\n\n\n\n<h3 class=\"wp-block-heading\" style=\"text-align: center;\"><em>Dans ce&nbsp; premier dossier vous allez trouver une synth\u00e8se de ce que vous devez savoir sur le forfait jours<\/em><\/h3>\n<p>&nbsp;<\/p>\n\n\n\n<p style=\"text-align: center;\"><em>Ce fichier a \u00e9t\u00e9 mis \u00e0 jour le 29\/03\/2024<\/em><\/p>\n\n\n\n<p><a href=\"https:\/\/sitepersojlc.fr\/wp-content\/uploads\/2024\/03\/PROBLEMATIQUES-PAIE-DU-FORFAIT-JOUR-DEFINITIF-11.zip\"><\/a><\/p>\n\n\n\n<div class=\"wp-block-uagb-buttons uagb-buttons__outer-wrap uagb-btn__default-btn uagb-btn-tablet__default-btn uagb-btn-mobile__default-btn uagb-block-1e974131\"><div class=\"uagb-buttons__wrap uagb-buttons-layout-wrap\">\n<div class=\"wp-block-uagb-buttons-child uagb-buttons__outer-wrap uagb-block-558a2464 wp-block-button is-style-outline\"><div class=\"uagb-button__wrapper\"><a class=\"uagb-buttons-repeater wp-block-button__link has-background has-text-color\" href=\"https:\/\/sitepersojlc.fr\/wp-content\/uploads\/2024\/03\/PROBLEMATIQUES-PAIE-DU-FORFAIT-JOUR-DEFINITIF-11-1.zip\" onclick=\"return true;\" rel=\"follow noopener\" target=\"_self\"><div class=\"uagb-button__link\">Synth\u00e8se Forfait Jours <\/div><\/a><\/div><\/div>\n<\/div><\/div>\n\n\n\n<h4>&nbsp;<\/h4>\n<h4 style=\"text-align: justify;\">Le Bulletin Officiel de s\u00e9curit\u00e9 sociale (BOSS) a \u00e9tabli que les salari\u00e9s sous convention de forfait en jours sur l\u2019ann\u00e9e ne b\u00e9n\u00e9ficient pas du statut de salari\u00e9 \u00e0 temps partiel, m\u00eame si les forfaits sont inf\u00e9rieurs \u00e0 218 jours par an. L\u2019administration et la jurisprudence en ont donc d\u00e9duit qu\u2019il est impossible de proratiser le plafond applicable \u00e0 leur paye au titre de l\u2019abattement d\u2019assiette pour temps partiel&nbsp;. Cependant, \u00e0 partir du 1er avril 2021, le BOSS a chang\u00e9 la donne : le plafond pourra \u00eatre proratis\u00e9 comme pour les salari\u00e9s \u00e0 temps partiel. Pour les salari\u00e9s soumis \u00e0 un r\u00e9gime de forfait annuel en jours dit \u00ab r\u00e9duit \u00bb (dur\u00e9e inf\u00e9rieure \u00e0 218 jours sur l\u2019ann\u00e9e), le plafond pourra \u00eatre proratis\u00e9 selon la formule suivante : valeur mensuelle du plafond x (dur\u00e9e du forfait en jours\/218 jours)&nbsp;.<\/h4>\n\n\n\n<p><a href=\"https:\/\/sitepersojlc.fr\/?page_id=5854#\"><\/a><\/p>\n\n\n\n<p><\/p>\n\n\n\n<p><\/p>\n\n\n\n<p><a href=\"https:\/\/sitepersojlc.fr\/?page_id=5854#\"><\/a><\/p>\n\n\n\n<p><\/p>\n\n\n\n<p><\/p>\n\n\n\n<div class=\"wp-block-uagb-buttons uagb-buttons__outer-wrap uagb-btn__default-btn uagb-btn-tablet__default-btn uagb-btn-mobile__default-btn uagb-block-5c027972\"><div class=\"uagb-buttons__wrap uagb-buttons-layout-wrap\">\n<div class=\"wp-block-uagb-buttons-child uagb-buttons__outer-wrap uagb-block-025d8d7c wp-block-button is-style-outline\"><div class=\"uagb-button__wrapper\"><a class=\"uagb-buttons-repeater wp-block-button__link has-background has-text-color\" href=\"https:\/\/sitepersojlc.fr\/wp-content\/uploads\/2024\/03\/FORFAIT-JOURS-CORRECTION-NON-PRORATISATION-2024.zip\" onclick=\"return true;\" rel=\"follow noopener\" target=\"_self\"><div class=\"uagb-button__link\">Bulletin de Paie 1 : Non proratisation <\/div><\/a><\/div><\/div>\n<\/div><\/div>\n\n\n\n<p><a href=\"https:\/\/sitepersojlc.fr\/wp-content\/uploads\/2023\/11\/FORFAIT-JOURS-CORRECTION-NON-PRORATISATION-2.zip\"><\/a><\/p>\n\n\n\n<p><\/p>\n\n\n\n<p><\/p>\n\n\n\n<div class=\"wp-block-uagb-buttons uagb-buttons__outer-wrap uagb-btn__default-btn uagb-btn-tablet__default-btn uagb-btn-mobile__default-btn uagb-block-35a6b250\"><div class=\"uagb-buttons__wrap uagb-buttons-layout-wrap\">\n<div class=\"wp-block-uagb-buttons-child uagb-buttons__outer-wrap uagb-block-1732074e wp-block-button is-style-outline\"><div class=\"uagb-button__wrapper\"><a class=\"uagb-buttons-repeater wp-block-button__link has-background has-text-color\" href=\"https:\/\/sitepersojlc.fr\/wp-content\/uploads\/2024\/03\/FORFAIT-JOURS-CORRECTION-PRORATISATION-2024.zip\" onclick=\"return true;\" rel=\"follow noopener\" target=\"_self\"><div class=\"uagb-button__link\">Bulletin de Paie 2 : Proratisation <\/div><\/a><\/div><\/div>\n<\/div><\/div>\n\n\n\n<h4>&nbsp;<\/h4>\n<h4 class=\"wp-block-heading\" style=\"text-align: center;\"><em>Le temps de travail sur l\u2019ann\u00e9e peut \u00eatre exprim\u00e9 en jours mais aussi&nbsp;en&nbsp;heures.<\/em><\/h4>\n\n\n\n<h4>&nbsp;<\/h4>\n<h4 style=\"text-align: justify;\">Le forfait heures est un dispositif permettant de simplifier la gestion de la paie en pr\u00e9voyant de r\u00e9mun\u00e9rer un nombre d\u2019heures suppl\u00e9mentaires accomplies de fa\u00e7on r\u00e9guli\u00e8re par le salari\u00e9. Le forfait en heure peut \u00eatre hebdomadaire, mensuel ou annuel et permet aux salari\u00e9s d\u2019am\u00e9nager leur temps de travail.<\/h4>\n<h4 style=\"text-align: justify;\">Dans le cadre d\u2019une convention de forfait en heure annuel, le forfait peut ne pas inclure d\u2019heures suppl\u00e9mentaires.&nbsp;En effet, les salari\u00e9s sous convention de forfait annuel sont soumis \u00e0 une forfait de 1 607 heures et peuvent organiser librement leur temps de travail sans \u00eatre soumis aux horaires de travail collectif1.<\/h4>\n<p>&nbsp;<\/p>\n\n\n\n<h4 class=\"wp-block-heading\" style=\"text-align: justify;\">Pour les conventions individuelles de forfait en heures conclues sur la semaine ou sur le mois, aucune condition tenant au statut du salari\u00e9 ou \u00e0 son anciennet\u00e9 n\u2019est exig\u00e9e.&nbsp;<a href=\"https:\/\/payfit.com\/fr\/fiches-pratiques\/forfait-heure\/\" target=\"_blank\" rel=\"noreferrer noopener\">Par cons\u00e9quent, tout salari\u00e9 peut conclure une convention de forfait de ce type<\/a><\/h4>\n<p>&nbsp;<\/p>\n\n\n\n<h4 class=\"wp-block-heading\" style=\"text-align: center;\"><em>Dans l\u2019exemple qui suit nous avons un forfait heures de 1824 heures par an.<\/em><\/h4>\n\n\n\n<p><a href=\"https:\/\/sitepersojlc.fr\/wp-content\/uploads\/2023\/11\/FORFAIT-HEURES-A-L-ANNEE-ENONCE.zip\"><\/a><\/p>\n\n\n\n<div class=\"wp-block-uagb-buttons uagb-buttons__outer-wrap uagb-btn__default-btn uagb-btn-tablet__default-btn uagb-btn-mobile__default-btn uagb-block-d94b7e69\"><div class=\"uagb-buttons__wrap uagb-buttons-layout-wrap\">\n<div class=\"wp-block-uagb-buttons-child uagb-buttons__outer-wrap uagb-block-a6631f69 wp-block-button is-style-outline\"><div class=\"uagb-button__wrapper\"><a class=\"uagb-buttons-repeater wp-block-button__link has-background has-text-color\" href=\"https:\/\/sitepersojlc.fr\/wp-content\/uploads\/2024\/03\/FORFAIT-HEURES-A-L-ANNEE-CORRIGE.zip\" onclick=\"return true;\" rel=\"follow noopener\" target=\"_self\"><div class=\"uagb-button__link\">Bulletin de Paie Forfait Heures Enonc\u00e9 et Corrig\u00e9 <\/div><\/a><\/div><\/div>\n<\/div><\/div>\n\n\n\n<p><\/p>\n\n\n\n<p><a href=\"https:\/\/sitepersojlc.fr\/wp-content\/uploads\/2023\/11\/FORFAIT-HEURES-A-L-ANNEE-CORRECTION.zip\"><\/a><\/p>\n<div class=\"likebtn_container\" style=\"\"><!-- LikeBtn.com BEGIN --><span class=\"likebtn-wrapper\"  data-identifier=\"page_7827\"  data-site_id=\"6663fc396fd08b3d0b514646\"  data-lang=\"fr\"  data-style=\"\"  data-unlike_allowed=\"\"  data-show_copyright=\"\"  data-item_url=\"https:\/\/sitepersojlc.fr\/?page_id=7827\"  data-item_title=\"Forfait jours - Forfait heures (2024)\"  data-item_date=\"2024-03-28T09:07:04+00:00\"  data-engine=\"WordPress\"  data-plugin_v=\"2.6.52\"  data-prx=\"https:\/\/sitepersojlc.fr\/wp-admin\/admin-ajax.php?action=likebtn_prx\"  data-event_handler=\"likebtn_eh\" ><\/span><!-- LikeBtn.com END --><\/div>","protected":false},"excerpt":{"rendered":"<p>&nbsp; Bulletins de paie des salari\u00e9s en forfait jours et forfait heures &nbsp; Dans ce&nbsp; premier dossier vous allez trouver une synth\u00e8se de ce que vous devez savoir sur le forfait jours &nbsp; Ce fichier a \u00e9t\u00e9 mis \u00e0 jour le 29\/03\/2024 &nbsp; Le Bulletin Officiel de s\u00e9curit\u00e9 sociale (BOSS) a \u00e9tabli que les salari\u00e9s [&hellip;]<\/p>\n<div class=\"likebtn_container\" style=\"\"><!-- LikeBtn.com BEGIN --><span class=\"likebtn-wrapper\"  data-identifier=\"page_7827\"  data-site_id=\"6663fc396fd08b3d0b514646\"  data-lang=\"fr\"  data-style=\"\"  data-unlike_allowed=\"\"  data-show_copyright=\"\"  data-item_url=\"https:\/\/sitepersojlc.fr\/?page_id=7827\"  data-item_title=\"Forfait jours - Forfait heures (2024)\"  data-item_date=\"2024-03-28T09:07:04+00:00\"  data-engine=\"WordPress\"  data-plugin_v=\"2.6.52\"  data-prx=\"https:\/\/sitepersojlc.fr\/wp-admin\/admin-ajax.php?action=likebtn_prx\"  data-event_handler=\"likebtn_eh\" ><\/span><!-- LikeBtn.com END --><\/div>","protected":false},"author":1,"featured_media":0,"parent":0,"menu_order":0,"comment_status":"closed","ping_status":"closed","template":"","meta":{"om_disable_all_campaigns":false,"_uag_custom_page_level_css":"","_monsterinsights_skip_tracking":false,"_monsterinsights_sitenote_active":false,"_monsterinsights_sitenote_note":"","_monsterinsights_sitenote_category":0,"_uf_show_specific_survey":0,"_uf_disable_surveys":false,"footnotes":""},"aioseo_notices":[],"uagb_featured_image_src":{"full":false,"thumbnail":false,"medium":false,"medium_large":false,"large":false,"1536x1536":false,"2048x2048":false},"uagb_author_info":{"display_name":"lechev.1910@gmail.com","author_link":"https:\/\/sitepersojlc.fr\/?author=1"},"uagb_comment_info":0,"uagb_excerpt":"&nbsp; Bulletins de paie des salari\u00e9s en forfait jours et forfait heures &nbsp; Dans ce&nbsp; premier dossier vous allez trouver une synth\u00e8se de ce que vous devez savoir sur le forfait jours &nbsp; Ce fichier a \u00e9t\u00e9 mis \u00e0 jour le 29\/03\/2024 &nbsp; Le Bulletin Officiel de s\u00e9curit\u00e9 sociale (BOSS) a \u00e9tabli que les salari\u00e9s\u2026","_links":{"self":[{"href":"https:\/\/sitepersojlc.fr\/index.php?rest_route=\/wp\/v2\/pages\/7827"}],"collection":[{"href":"https:\/\/sitepersojlc.fr\/index.php?rest_route=\/wp\/v2\/pages"}],"about":[{"href":"https:\/\/sitepersojlc.fr\/index.php?rest_route=\/wp\/v2\/types\/page"}],"author":[{"embeddable":true,"href":"https:\/\/sitepersojlc.fr\/index.php?rest_route=\/wp\/v2\/users\/1"}],"replies":[{"embeddable":true,"href":"https:\/\/sitepersojlc.fr\/index.php?rest_route=%2Fwp%2Fv2%2Fcomments&post=7827"}],"version-history":[{"count":15,"href":"https:\/\/sitepersojlc.fr\/index.php?rest_route=\/wp\/v2\/pages\/7827\/revisions"}],"predecessor-version":[{"id":7935,"href":"https:\/\/sitepersojlc.fr\/index.php?rest_route=\/wp\/v2\/pages\/7827\/revisions\/7935"}],"wp:attachment":[{"href":"https:\/\/sitepersojlc.fr\/index.php?rest_route=%2Fwp%2Fv2%2Fmedia&parent=7827"}],"curies":[{"name":"wp","href":"https:\/\/api.w.org\/{rel}","templated":true}]}}