{"id":6952,"date":"2024-01-24T06:31:15","date_gmt":"2024-01-24T06:31:15","guid":{"rendered":"https:\/\/sitepersojlc.fr\/?page_id=6952"},"modified":"2024-04-09T02:14:33","modified_gmt":"2024-04-09T02:14:33","slug":"chapitres-7-8-9-2024","status":"publish","type":"page","link":"https:\/\/sitepersojlc.fr\/?page_id=6952","title":{"rendered":"Chapitres 7 &#8211; 8 &#8211; 9 (2024)"},"content":{"rendered":"\n<p><\/p>\n\n\n\n<p><\/p>\n\n\n\n<h2 style=\"text-align: center;\">Chapitres 7 &#8211; 8 &#8211; 9 ( 2024)<\/h2>\n\n\n\n<p><\/p>\n\n\n\n<figure class=\"wp-block-image size-full\"><img decoding=\"async\" src=\"https:\/\/sitepersojlc.fr\/wp-content\/uploads\/2024\/01\/18216625_282377882217340_1563621794227112559_o.jpg\" alt=\"\"\/><\/figure>\n\n\n\n<h4 class=\"wp-block-heading\" style=\"text-align: center;\">Pour t\u00e9l\u00e9charger les fichiers cliquez sur les encadr\u00e9s en couleur<\/h4>\n\n\n\n<h3 class=\"wp-block-heading\">&nbsp;<\/h3>\n\n\n\n<h2 class=\"wp-block-heading\" style=\"text-align: center;\"><strong>Chapitre 7<\/strong><\/h2>\n<h2 class=\"wp-block-heading\" style=\"text-align: center;\">&nbsp;<\/h2>\n\n\n\n<h3 class=\"wp-block-heading\" style=\"text-align: center;\">La R\u00e9duction g\u00e9n\u00e9rale de cotisations<\/h3>\n<p>&nbsp;<\/p>\n\n\n\n\n\n<div class=\"wp-block-buttons is-content-justification-center is-layout-flex wp-container-1\">\n<div class=\"wp-block-button\"><a class=\"wp-block-button__link has-white-color has-vivid-red-background-color has-text-color has-background wp-element-button\" href=\"https:\/\/sitepersojlc.fr\/wp-content\/uploads\/2024\/02\/2.-REDUCTION-GENERALE-DE-COTISATIONS-EXERCICES-CORRIGES-AUTO-FORMATION-2024-Version-2024.zip\" style=\"border-radius:100px\">Exercices Corrig\u00e9s<\/a><\/div>\n<\/div>\n\n\n\n<p><\/p>\n\n\n\n<p><\/p>\n\n\n\n<p><\/p>\n\n\n\n<div class=\"wp-block-uagb-buttons uagb-buttons__outer-wrap uagb-btn__default-btn uagb-btn-tablet__default-btn uagb-btn-mobile__default-btn uagb-block-0d712d6a\"><div class=\"uagb-buttons__wrap uagb-buttons-layout-wrap\">\n<div class=\"wp-block-uagb-buttons-child uagb-buttons__outer-wrap uagb-block-65689395 wp-block-button is-style-outline\"><div class=\"uagb-button__wrapper\"><a class=\"uagb-buttons-repeater wp-block-button__link has-background has-text-color\" href=\"https:\/\/sitepersojlc.fr\/wp-content\/uploads\/2024\/04\/1.-MATRICE-MOIS-ISOLE-1-2024-Version-2024-2.zip\" onclick=\"return true;\" rel=\"follow noopener\" target=\"_self\"><div class=\"uagb-button__link\">Matrice RED. GEN. de COT Mois Isole<\/div><\/a><\/div><\/div>\n<\/div><\/div>\n\n\n\n<p><\/p>\n\n\n\n<p><\/p>\n\n\n\n<div class=\"wp-block-uagb-buttons uagb-buttons__outer-wrap uagb-btn__default-btn uagb-btn-tablet__default-btn uagb-btn-mobile__default-btn uagb-block-57a8ecce\"><div class=\"uagb-buttons__wrap uagb-buttons-layout-wrap\">\n<div class=\"wp-block-uagb-buttons-child uagb-buttons__outer-wrap uagb-block-4883044c wp-block-button is-style-outline\"><div class=\"uagb-button__wrapper\"><a class=\"uagb-buttons-repeater wp-block-button__link has-background has-text-color\" href=\"https:\/\/sitepersojlc.fr\/wp-content\/uploads\/2024\/04\/1.-MATRICE-CALCUL-RED.-GEN.-de-COT.-2024-Version-2024-1.zip\" onclick=\"return true;\" rel=\"follow noopener\" target=\"_self\"><div class=\"uagb-button__link\">Matrice Calcul RED.GEN.de COT. 2024<\/div><\/a><\/div><\/div>\n<\/div><\/div>\n\n\n\n<h2>&nbsp;<\/h2>\n<h2 class=\"wp-block-heading\" style=\"text-align: center;\"><strong>Chapitre 8<\/strong><\/h2>\n<h2>&nbsp;<\/h2>\n\n\n\n<h3 class=\"wp-block-heading\" style=\"text-align: center;\">Tableau de suivi de la cotisation de 6% au titre de la maladie, maternit\u00e9, invalidit\u00e9, d\u00e9c\u00e8s<\/h3>\n<p>&nbsp;<\/p>\n\n\n\n<div class=\"wp-block-buttons is-content-justification-center is-layout-flex wp-container-2\">\n<div class=\"wp-block-button has-custom-width wp-block-button__width-75 is-style-outline\"><a class=\"wp-block-button__link has-white-color has-vivid-red-background-color has-text-color has-background wp-element-button\" href=\"https:\/\/sitepersojlc.fr\/wp-content\/uploads\/2024\/02\/2.-SUIVI-LIMITE-25-SMIC-2024-Version-2024.zip\" style=\"border-radius:100px\">SUIVI LIMITE 2,5 SMIC 2024<\/a><\/div>\n<\/div>\n\n\n\n<h2>&nbsp;<\/h2>\n<h2 class=\"wp-block-heading\" style=\"text-align: center;\"><strong>Chapitre 9<\/strong><\/h2>\n\n\n\n<h3>\u00a0<\/h3>\n<h3 class=\"wp-block-heading\" style=\"text-align: center;\">Tableau de suivi de la cotisation allocations familiales au taux major\u00e9 de 1,8%<\/h3>\n<p>\u00a0<\/p>\n\n\n\n<p><\/p>\n\n\n\n<div class=\"wp-block-uagb-buttons uagb-buttons__outer-wrap uagb-btn__default-btn uagb-btn-tablet__default-btn uagb-btn-mobile__default-btn uagb-block-fd6e3c73\"><div class=\"uagb-buttons__wrap uagb-buttons-layout-wrap\">\n<div class=\"wp-block-uagb-buttons-child uagb-buttons__outer-wrap uagb-block-f4b116f1 wp-block-button is-style-outline\"><div class=\"uagb-button__wrapper\"><a class=\"uagb-buttons-repeater wp-block-button__link has-background has-text-color\" href=\"https:\/\/sitepersojlc.fr\/wp-content\/uploads\/2024\/02\/3.-SUIVI-LIMITE-35-SMIC-2024-Version-2024.zip\" onclick=\"return true;\" rel=\"follow noopener\" target=\"_self\"><div class=\"uagb-button__link\">Suivi Limite de 3,5 SMIC 2024 <\/div><\/a><\/div><\/div>\n<\/div><\/div>\n\n\n\n<p><\/p>\n\n\n\n<p><\/p>\n\n\n\n<p><\/p>\n\n\n\n<p><\/p>\n<div class=\"likebtn_container\" style=\"\"><!-- LikeBtn.com BEGIN --><span class=\"likebtn-wrapper\"  data-identifier=\"page_6952\"  data-site_id=\"6663fc396fd08b3d0b514646\"  data-lang=\"fr\"  data-style=\"\"  data-unlike_allowed=\"\"  data-show_copyright=\"\"  data-item_url=\"https:\/\/sitepersojlc.fr\/?page_id=6952\"  data-item_title=\"Chapitres 7 - 8 - 9 (2024)\"  data-item_date=\"2024-01-24T06:31:15+00:00\"  data-engine=\"WordPress\"  data-plugin_v=\"2.6.52\"  data-prx=\"https:\/\/sitepersojlc.fr\/wp-admin\/admin-ajax.php?action=likebtn_prx\"  data-event_handler=\"likebtn_eh\" ><\/span><!-- LikeBtn.com END --><\/div>","protected":false},"excerpt":{"rendered":"<p>Chapitres 7 &#8211; 8 &#8211; 9 ( 2024) Pour t\u00e9l\u00e9charger les fichiers cliquez sur les encadr\u00e9s en couleur &nbsp; Chapitre 7 &nbsp; La R\u00e9duction g\u00e9n\u00e9rale de cotisations &nbsp; &nbsp; Chapitre 8 &nbsp; Tableau de suivi de la cotisation de 6% au titre de la maladie, maternit\u00e9, invalidit\u00e9, d\u00e9c\u00e8s &nbsp; &nbsp; Chapitre 9 \u00a0 Tableau de [&hellip;]<\/p>\n<div class=\"likebtn_container\" style=\"\"><!-- LikeBtn.com BEGIN --><span class=\"likebtn-wrapper\"  data-identifier=\"page_6952\"  data-site_id=\"6663fc396fd08b3d0b514646\"  data-lang=\"fr\"  data-style=\"\"  data-unlike_allowed=\"\"  data-show_copyright=\"\"  data-item_url=\"https:\/\/sitepersojlc.fr\/?page_id=6952\"  data-item_title=\"Chapitres 7 - 8 - 9 (2024)\"  data-item_date=\"2024-01-24T06:31:15+00:00\"  data-engine=\"WordPress\"  data-plugin_v=\"2.6.52\"  data-prx=\"https:\/\/sitepersojlc.fr\/wp-admin\/admin-ajax.php?action=likebtn_prx\"  data-event_handler=\"likebtn_eh\" ><\/span><!-- LikeBtn.com END --><\/div>","protected":false},"author":1,"featured_media":0,"parent":0,"menu_order":0,"comment_status":"closed","ping_status":"closed","template":"","meta":{"om_disable_all_campaigns":false,"_uag_custom_page_level_css":"","_monsterinsights_skip_tracking":false,"_monsterinsights_sitenote_active":false,"_monsterinsights_sitenote_note":"","_monsterinsights_sitenote_category":0,"_uf_show_specific_survey":0,"_uf_disable_surveys":false,"footnotes":""},"aioseo_notices":[],"uagb_featured_image_src":{"full":false,"thumbnail":false,"medium":false,"medium_large":false,"large":false,"1536x1536":false,"2048x2048":false},"uagb_author_info":{"display_name":"lechev.1910@gmail.com","author_link":"https:\/\/sitepersojlc.fr\/?author=1"},"uagb_comment_info":0,"uagb_excerpt":"Chapitres 7 &#8211; 8 &#8211; 9 ( 2024) Pour t\u00e9l\u00e9charger les fichiers cliquez sur les encadr\u00e9s en couleur &nbsp; Chapitre 7 &nbsp; La R\u00e9duction g\u00e9n\u00e9rale de cotisations &nbsp; &nbsp; Chapitre 8 &nbsp; Tableau de suivi de la cotisation de 6% au titre de la maladie, maternit\u00e9, invalidit\u00e9, d\u00e9c\u00e8s &nbsp; &nbsp; Chapitre 9 \u00a0 Tableau de\u2026","_links":{"self":[{"href":"https:\/\/sitepersojlc.fr\/index.php?rest_route=\/wp\/v2\/pages\/6952"}],"collection":[{"href":"https:\/\/sitepersojlc.fr\/index.php?rest_route=\/wp\/v2\/pages"}],"about":[{"href":"https:\/\/sitepersojlc.fr\/index.php?rest_route=\/wp\/v2\/types\/page"}],"author":[{"embeddable":true,"href":"https:\/\/sitepersojlc.fr\/index.php?rest_route=\/wp\/v2\/users\/1"}],"replies":[{"embeddable":true,"href":"https:\/\/sitepersojlc.fr\/index.php?rest_route=%2Fwp%2Fv2%2Fcomments&post=6952"}],"version-history":[{"count":30,"href":"https:\/\/sitepersojlc.fr\/index.php?rest_route=\/wp\/v2\/pages\/6952\/revisions"}],"predecessor-version":[{"id":8070,"href":"https:\/\/sitepersojlc.fr\/index.php?rest_route=\/wp\/v2\/pages\/6952\/revisions\/8070"}],"wp:attachment":[{"href":"https:\/\/sitepersojlc.fr\/index.php?rest_route=%2Fwp%2Fv2%2Fmedia&parent=6952"}],"curies":[{"name":"wp","href":"https:\/\/api.w.org\/{rel}","templated":true}]}}