{"id":6286,"date":"2023-12-08T12:26:47","date_gmt":"2023-12-08T12:26:47","guid":{"rendered":"https:\/\/sitepersojlc.fr\/?page_id=6286"},"modified":"2023-12-21T07:38:35","modified_gmt":"2023-12-21T07:38:35","slug":"la-declaration-diena","status":"publish","type":"page","link":"https:\/\/sitepersojlc.fr\/?page_id=6286","title":{"rendered":"La d\u00e9claration d&rsquo;I\u00e9na"},"content":{"rendered":"\n<p><\/p>\n\n\n\n<p><\/p>\n\n\n\n<p><\/p>\n\n\n\n<p><\/p>\n\n\n\n<p><\/p>\n\n\n\n<h2 style=\"text-align: center;\">La d\u00e9claration d&rsquo;I\u00e9na<\/h2>\n\n\n\n<h4 style=\"text-align: center;\"><em>Article paru dans le \u00ab\u00a0<a href=\"https:\/\/www.cadmusjournal.org\/\">Cadmus Journal\u00a0\u00bb<\/a> le 29 Novembre 2021<\/em><\/h4>\n<h4 style=\"text-align: center;\">sous le titre<\/h4>\n<h4><span class=\"title\"><a href=\"https:\/\/www.cadmusjournal.org\/article\/volume-4\/issue-5\/jena-declaration\">Making Sustainability Happen: The Jena Declaration<\/a> <\/span><\/h4>\n\n\n\n<h3 style=\"text-align: right;\">Thomas Reuter<\/h3>\n<h5 style=\"text-align: right;\"><em>Professeur, Universit\u00e9 de Melbourne, Australie ; <\/em><em>Administrateur, Acad\u00e9mie mondiale des arts et des sciences.<\/em><\/h5>\n\n\n\n<p><\/p>\n\n\n\n<p><\/p>\n\n\n\n<h3 style=\"text-align: justify;\">La D\u00e9claration d\u2019I\u00e9na, pr\u00e9sent\u00e9e ci-dessous, soutient que les Objectifs de D\u00e9veloppement Durable (ODD) ne peuvent pas \u00eatre atteints simplement en intensifiant l\u2019utilisation des m\u00e9thodes et strat\u00e9gies \u00e9tablies. Pour une transformation globale vers la durabilit\u00e9, un changement fondamental de strat\u00e9gie est n\u00e9cessaire, une approche qui s\u2019appuie sur le pouvoir de millions de citoyens et de communaut\u00e9s locales \u00e0 travers le monde et sur la perspective int\u00e9grative des sciences sociales et des arts.<\/h3>\n\n\n\n<p><\/p>\n\n\n\n<p><\/p>\n\n\n\n<div class=\"wp-block-uagb-buttons uagb-buttons__outer-wrap uagb-btn__default-btn uagb-btn-tablet__default-btn uagb-btn-mobile__default-btn uagb-block-e6567fd5\"><div class=\"uagb-buttons__wrap uagb-buttons-layout-wrap\">\n<div class=\"wp-block-uagb-buttons-child uagb-buttons__outer-wrap uagb-block-a55279ff wp-block-button is-style-outline\"><div class=\"uagb-button__wrapper\"><a class=\"uagb-buttons-repeater wp-block-button__link has-background has-text-color\" href=\"https:\/\/sitepersojlc.fr\/wp-content\/uploads\/2023\/12\/DECLARATION-IENA.zip\" onclick=\"return true;\" rel=\"follow noopener\" target=\"_self\"><div class=\"uagb-button__link\">T\u00e9l\u00e9chargement du PDF <\/div><\/a><\/div><\/div>\n<\/div><\/div>\n\n\n\n<div class=\"wp-block-uagb-buttons uagb-buttons__outer-wrap uagb-btn__default-btn uagb-btn-tablet__default-btn uagb-btn-mobile__default-btn uagb-block-e7ebdbd7\"><div class=\"uagb-buttons__wrap uagb-buttons-layout-wrap\"><\/div><\/div>\n\n\n\n\n\n<div class=\"wp-block-uagb-buttons uagb-buttons__outer-wrap uagb-btn__default-btn uagb-btn-tablet__default-btn uagb-btn-mobile__default-btn uagb-block-7a489903\"><div class=\"uagb-buttons__wrap uagb-buttons-layout-wrap\">\n<div class=\"wp-block-uagb-buttons-child uagb-buttons__outer-wrap uagb-block-4dfd9ec7 wp-block-button is-style-outline\"><div class=\"uagb-button__wrapper\"><a class=\"uagb-buttons-repeater wp-block-button__link has-background has-text-color\" href=\"https:\/\/sitepersojlc.fr\/wp-content\/uploads\/2023\/12\/Thomas-Reuter.pdf\" onclick=\"return true;\" rel=\"follow noopener\" target=\"_self\"><div class=\"uagb-button__link\">Pr\u00e9sentation de l&rsquo;auteur <\/div><\/a><\/div><\/div>\n<\/div><\/div>\n\n\n\n<p><\/p>\n\n\n\n<p><\/p>\n<div class=\"likebtn_container\" style=\"\"><!-- LikeBtn.com BEGIN --><span class=\"likebtn-wrapper\"  data-identifier=\"page_6286\"  data-site_id=\"6663fc396fd08b3d0b514646\"  data-lang=\"fr\"  data-style=\"\"  data-unlike_allowed=\"\"  data-show_copyright=\"\"  data-item_url=\"https:\/\/sitepersojlc.fr\/?page_id=6286\"  data-item_title=\"La d\u00e9claration d&#039;I\u00e9na\"  data-item_date=\"2023-12-08T12:26:47+00:00\"  data-engine=\"WordPress\"  data-plugin_v=\"2.6.52\"  data-prx=\"https:\/\/sitepersojlc.fr\/wp-admin\/admin-ajax.php?action=likebtn_prx\"  data-event_handler=\"likebtn_eh\" ><\/span><!-- LikeBtn.com END --><\/div>","protected":false},"excerpt":{"rendered":"<p>La d\u00e9claration d&rsquo;I\u00e9na Article paru dans le \u00ab\u00a0Cadmus Journal\u00a0\u00bb le 29 Novembre 2021 sous le titre Making Sustainability Happen: The Jena Declaration Thomas Reuter Professeur, Universit\u00e9 de Melbourne, Australie ; Administrateur, Acad\u00e9mie mondiale des arts et des sciences. La D\u00e9claration d\u2019I\u00e9na, pr\u00e9sent\u00e9e ci-dessous, soutient que les Objectifs de D\u00e9veloppement Durable (ODD) ne peuvent pas \u00eatre [&hellip;]<\/p>\n<div class=\"likebtn_container\" style=\"\"><!-- LikeBtn.com BEGIN --><span class=\"likebtn-wrapper\"  data-identifier=\"page_6286\"  data-site_id=\"6663fc396fd08b3d0b514646\"  data-lang=\"fr\"  data-style=\"\"  data-unlike_allowed=\"\"  data-show_copyright=\"\"  data-item_url=\"https:\/\/sitepersojlc.fr\/?page_id=6286\"  data-item_title=\"La d\u00e9claration d&#039;I\u00e9na\"  data-item_date=\"2023-12-08T12:26:47+00:00\"  data-engine=\"WordPress\"  data-plugin_v=\"2.6.52\"  data-prx=\"https:\/\/sitepersojlc.fr\/wp-admin\/admin-ajax.php?action=likebtn_prx\"  data-event_handler=\"likebtn_eh\" ><\/span><!-- LikeBtn.com END --><\/div>","protected":false},"author":1,"featured_media":0,"parent":0,"menu_order":0,"comment_status":"closed","ping_status":"closed","template":"","meta":{"om_disable_all_campaigns":false,"_uag_custom_page_level_css":"","_monsterinsights_skip_tracking":false,"_monsterinsights_sitenote_active":false,"_monsterinsights_sitenote_note":"","_monsterinsights_sitenote_category":0,"_uf_show_specific_survey":0,"_uf_disable_surveys":false,"footnotes":""},"aioseo_notices":[],"uagb_featured_image_src":{"full":false,"thumbnail":false,"medium":false,"medium_large":false,"large":false,"1536x1536":false,"2048x2048":false},"uagb_author_info":{"display_name":"lechev.1910@gmail.com","author_link":"https:\/\/sitepersojlc.fr\/?author=1"},"uagb_comment_info":0,"uagb_excerpt":"La d\u00e9claration d&rsquo;I\u00e9na Article paru dans le \u00ab\u00a0Cadmus Journal\u00a0\u00bb le 29 Novembre 2021 sous le titre Making Sustainability Happen: The Jena Declaration Thomas Reuter Professeur, Universit\u00e9 de Melbourne, Australie ; Administrateur, Acad\u00e9mie mondiale des arts et des sciences. La D\u00e9claration d\u2019I\u00e9na, pr\u00e9sent\u00e9e ci-dessous, soutient que les Objectifs de D\u00e9veloppement Durable (ODD) ne peuvent pas \u00eatre\u2026","_links":{"self":[{"href":"https:\/\/sitepersojlc.fr\/index.php?rest_route=\/wp\/v2\/pages\/6286"}],"collection":[{"href":"https:\/\/sitepersojlc.fr\/index.php?rest_route=\/wp\/v2\/pages"}],"about":[{"href":"https:\/\/sitepersojlc.fr\/index.php?rest_route=\/wp\/v2\/types\/page"}],"author":[{"embeddable":true,"href":"https:\/\/sitepersojlc.fr\/index.php?rest_route=\/wp\/v2\/users\/1"}],"replies":[{"embeddable":true,"href":"https:\/\/sitepersojlc.fr\/index.php?rest_route=%2Fwp%2Fv2%2Fcomments&post=6286"}],"version-history":[{"count":12,"href":"https:\/\/sitepersojlc.fr\/index.php?rest_route=\/wp\/v2\/pages\/6286\/revisions"}],"predecessor-version":[{"id":6664,"href":"https:\/\/sitepersojlc.fr\/index.php?rest_route=\/wp\/v2\/pages\/6286\/revisions\/6664"}],"wp:attachment":[{"href":"https:\/\/sitepersojlc.fr\/index.php?rest_route=%2Fwp%2Fv2%2Fmedia&parent=6286"}],"curies":[{"name":"wp","href":"https:\/\/api.w.org\/{rel}","templated":true}]}}