{"id":6086,"date":"2023-11-11T14:40:49","date_gmt":"2023-11-11T14:40:49","guid":{"rendered":"https:\/\/sitepersojlc.fr\/?page_id=6086"},"modified":"2025-06-28T19:06:52","modified_gmt":"2025-06-28T19:06:52","slug":"mentions-legales","status":"publish","type":"page","link":"https:\/\/sitepersojlc.fr\/?page_id=6086","title":{"rendered":"Mentions l\u00e9gales et CGU"},"content":{"rendered":"\n<h3 style=\"text-align: justify;\">La reproduction des exercices est soumise aux restrictions indiqu\u00e9es dans les CGU ci-dessous.<\/h3>\n<p>\u00a0<\/p>\n\n\n\n<p><\/p>\n\n\n\n<h2 style=\"text-align: center;\"><strong>Mentions l\u00e9gales<\/strong><\/h2>\n<p>&nbsp;<\/p>\n\n\n\n<p>&nbsp;<\/p>\n<h3 style=\"text-align: justify;\">Conform\u00e9ment aux dispositions des Articles 6-III et 19 de la Loi n\u00b02004-575 du 21 juin 2004 pour la Confiance dans l\u2019\u00e9conomie num\u00e9rique, dite L.C.E.N., il est port\u00e9 \u00e0 la connaissance des utilisateurs et visiteurs, ci-apr\u00e8s l\u2019\u00a0\u00bb<strong>Utilisateur<\/strong>\u00ab\u00a0, du site https:\/\/sitepersojlc.fr\/ , ci-apr\u00e8s le \u00ab\u00a0<strong>Site<\/strong>\u00ab\u00a0, les pr\u00e9sentes mentions l\u00e9gales.<\/h3>\n<p>&nbsp;<\/p>\n<h3 style=\"text-align: justify;\">La connexion et la navigation sur le Site par l\u2019Utilisateur implique acceptation int\u00e9grale et sans r\u00e9serve des pr\u00e9sentes mentions l\u00e9gales.<\/h3>\n<p>&nbsp;<\/p>\n<h3>Ces derni\u00e8res sont accessibles sur le Site \u00e0 la rubrique \u00ab <strong>Mentions l\u00e9gales<\/strong> \u00bb.<\/h3>\n<p>&nbsp;<\/p>\n<h2 style=\"text-align: center;\">ARTICLE 1 &#8211; L&rsquo;EDITEUR<\/h2>\n<h2>&nbsp;<\/h2>\n<h3 style=\"text-align: justify;\">L\u2019\u00e9dition et la direction de la publication du Site est assur\u00e9e par Jacques LE CHEVANTON, domicili\u00e9 (adresse non communiqu\u00e9e), dont le num\u00e9ro de t\u00e9l\u00e9phone est (non communiqu\u00e9) , et l&rsquo;adresse e-mail sitepersojlc at yahoo.com<\/h3>\n<p>&nbsp;<\/p>\n<p>ci-apr\u00e8s l'\u00a0\u00bb<strong>Editeur<\/strong>\u00ab\u00a0.<\/p>\n<h1>&nbsp;<\/h1>\n<h2 style=\"text-align: center;\">ARTICLE 2 &#8211; L&rsquo;HEBERGEUR<\/h2>\n<h1>&nbsp;<\/h1>\n<h3>L&rsquo;h\u00e9bergeur du Site est la soci\u00e9t\u00e9 Hostinger, dont le si\u00e8ge social est situ\u00e9 au Hostinger International Ltd 61 Ru Lordou Vironos 6023 Larnaca Chypre , avec le num\u00e9ro de t\u00e9l\u00e9phone<strong> : non disponible <\/strong>+ adresse mail de contact&nbsp;<strong>:<\/strong> <strong>abuse@hostinger.com<\/strong>&nbsp;<\/h3>\n<h1>&nbsp;<\/h1>\n<h2 style=\"text-align: center;\">ARTICLE 3 &#8211; ACCES AU SITE<\/h2>\n<h1>&nbsp;<\/h1>\n<h3 style=\"text-align: justify;\">Le Site est accessible en tout endroit, 7j\/7, 24h\/24 sauf cas de force majeure, interruption programm\u00e9e ou non et pouvant d\u00e9coulant d\u2019une n\u00e9cessit\u00e9 de maintenance.<\/h3>\n<p>&nbsp;<\/p>\n<h3 style=\"text-align: justify;\">En cas de modification, interruption ou suspension du Site, l&rsquo;Editeur ne saurait \u00eatre tenu responsable.<\/h3>\n<p>&nbsp;<\/p>\n<h2 style=\"text-align: center;\">ARTICLE 4 &#8211; COLLECTE DES DONNEES<\/h2>\n<p>&nbsp;<\/p>\n<h3 style=\"text-align: justify;\">L&rsquo;administrateur du site s&rsquo;engage \u00e0 ne pas divulguer l&rsquo;adresse mail demand\u00e9e lors du formulaire d&rsquo;acceptation des CGU. Cette adresse est prot\u00e9g\u00e9e de tout d\u00e9tournement subi par la protection de s\u00e9curit\u00e9 du site par l&rsquo;h\u00e9bergeur.<\/h3>\n<h3 style=\"text-align: justify;\">&nbsp;<\/h3>\n<p>&nbsp;<\/p>\n\n\n\n<h2 style=\"text-align: center;\"><strong>Conditions G\u00e9n\u00e9rales d&rsquo;Utilisation (CGU)<\/strong><\/h2>\n<p>&nbsp;<\/p>\n\n\n\n<p><\/p>\n\n\n\n<h3 style=\"text-align: justify;\">Les fichiers figurant sur ce site rel\u00e8vent des principes suivants : \u00a0l\u2019auteur de ce site conserve le droit d\u2019auteur sur son travail, mais il accorde aux utilisateurs une licence non exclusive pour utiliser, copier, distribuer et faire des \u0153uvres d\u00e9riv\u00e9es, \u00e0 condition de citer correctement la source originale. Vous vous engagez par ailleurs \u00e0 ne pas utiliser les contenus du site \u00e0 des fins commerciales.<\/h3>\n\n\n\n<p><\/p>\n\n\n\n<p><\/p>\n\n\n\n<p><\/p>\n\n\n\n<div class=\"wp-block-uagb-buttons uagb-buttons__outer-wrap uagb-btn__default-btn uagb-btn-tablet__default-btn uagb-btn-mobile__default-btn uagb-block-aa125ca8\"><div class=\"uagb-buttons__wrap uagb-buttons-layout-wrap\"><\/div><\/div>\n\n\n\n<p><\/p>\n\n\n\n<p><\/p>\n\n\n\n<p><\/p>\n<div class=\"likebtn_container\" style=\"\"><!-- LikeBtn.com BEGIN --><span class=\"likebtn-wrapper\"  data-identifier=\"page_6086\"  data-site_id=\"6663fc396fd08b3d0b514646\"  data-lang=\"fr\"  data-style=\"\"  data-unlike_allowed=\"\"  data-show_copyright=\"\"  data-item_url=\"https:\/\/sitepersojlc.fr\/?page_id=6086\"  data-item_title=\"Mentions l\u00e9gales et CGU\"  data-item_date=\"2023-11-11T14:40:49+00:00\"  data-engine=\"WordPress\"  data-plugin_v=\"2.6.52\"  data-prx=\"https:\/\/sitepersojlc.fr\/wp-admin\/admin-ajax.php?action=likebtn_prx\"  data-event_handler=\"likebtn_eh\" ><\/span><!-- LikeBtn.com END --><\/div>","protected":false},"excerpt":{"rendered":"<p>La reproduction des exercices est soumise aux restrictions indiqu\u00e9es dans les CGU ci-dessous. \u00a0 Mentions l\u00e9gales &nbsp; &nbsp; Conform\u00e9ment aux dispositions des Articles 6-III et 19 de la Loi n\u00b02004-575 du 21 juin 2004 pour la Confiance dans l\u2019\u00e9conomie num\u00e9rique, dite L.C.E.N., il est port\u00e9 \u00e0 la connaissance des utilisateurs et visiteurs, ci-apr\u00e8s l\u2019\u00a0\u00bbUtilisateur\u00ab\u00a0, du [&hellip;]<\/p>\n<div class=\"likebtn_container\" style=\"\"><!-- LikeBtn.com BEGIN --><span class=\"likebtn-wrapper\"  data-identifier=\"page_6086\"  data-site_id=\"6663fc396fd08b3d0b514646\"  data-lang=\"fr\"  data-style=\"\"  data-unlike_allowed=\"\"  data-show_copyright=\"\"  data-item_url=\"https:\/\/sitepersojlc.fr\/?page_id=6086\"  data-item_title=\"Mentions l\u00e9gales et CGU\"  data-item_date=\"2023-11-11T14:40:49+00:00\"  data-engine=\"WordPress\"  data-plugin_v=\"2.6.52\"  data-prx=\"https:\/\/sitepersojlc.fr\/wp-admin\/admin-ajax.php?action=likebtn_prx\"  data-event_handler=\"likebtn_eh\" ><\/span><!-- LikeBtn.com END --><\/div>","protected":false},"author":1,"featured_media":0,"parent":0,"menu_order":0,"comment_status":"closed","ping_status":"closed","template":"","meta":{"om_disable_all_campaigns":false,"_uag_custom_page_level_css":"","_monsterinsights_skip_tracking":false,"_monsterinsights_sitenote_active":false,"_monsterinsights_sitenote_note":"","_monsterinsights_sitenote_category":0,"_uf_show_specific_survey":0,"_uf_disable_surveys":false,"footnotes":""},"aioseo_notices":[],"uagb_featured_image_src":{"full":false,"thumbnail":false,"medium":false,"medium_large":false,"large":false,"1536x1536":false,"2048x2048":false},"uagb_author_info":{"display_name":"lechev.1910@gmail.com","author_link":"https:\/\/sitepersojlc.fr\/?author=1"},"uagb_comment_info":0,"uagb_excerpt":"La reproduction des exercices est soumise aux restrictions indiqu\u00e9es dans les CGU ci-dessous. \u00a0 Mentions l\u00e9gales &nbsp; &nbsp; Conform\u00e9ment aux dispositions des Articles 6-III et 19 de la Loi n\u00b02004-575 du 21 juin 2004 pour la Confiance dans l\u2019\u00e9conomie num\u00e9rique, dite L.C.E.N., il est port\u00e9 \u00e0 la connaissance des utilisateurs et visiteurs, ci-apr\u00e8s l\u2019\u00a0\u00bbUtilisateur\u00ab\u00a0, du\u2026","_links":{"self":[{"href":"https:\/\/sitepersojlc.fr\/index.php?rest_route=\/wp\/v2\/pages\/6086"}],"collection":[{"href":"https:\/\/sitepersojlc.fr\/index.php?rest_route=\/wp\/v2\/pages"}],"about":[{"href":"https:\/\/sitepersojlc.fr\/index.php?rest_route=\/wp\/v2\/types\/page"}],"author":[{"embeddable":true,"href":"https:\/\/sitepersojlc.fr\/index.php?rest_route=\/wp\/v2\/users\/1"}],"replies":[{"embeddable":true,"href":"https:\/\/sitepersojlc.fr\/index.php?rest_route=%2Fwp%2Fv2%2Fcomments&post=6086"}],"version-history":[{"count":19,"href":"https:\/\/sitepersojlc.fr\/index.php?rest_route=\/wp\/v2\/pages\/6086\/revisions"}],"predecessor-version":[{"id":10998,"href":"https:\/\/sitepersojlc.fr\/index.php?rest_route=\/wp\/v2\/pages\/6086\/revisions\/10998"}],"wp:attachment":[{"href":"https:\/\/sitepersojlc.fr\/index.php?rest_route=%2Fwp%2Fv2%2Fmedia&parent=6086"}],"curies":[{"name":"wp","href":"https:\/\/api.w.org\/{rel}","templated":true}]}}