{"id":5854,"date":"2023-10-31T15:57:40","date_gmt":"2023-10-31T15:57:40","guid":{"rendered":"https:\/\/sitepersojlc.fr\/?page_id=5854"},"modified":"2024-04-05T00:45:04","modified_gmt":"2024-04-05T00:45:04","slug":"forfait-jours-forfait-heures","status":"publish","type":"page","link":"https:\/\/sitepersojlc.fr\/?page_id=5854","title":{"rendered":"Forfait Jours \/ Forfait heures"},"content":{"rendered":"\n<p><\/p>\n\n\n\n<p><\/p>\n\n\n\n<p><\/p>\n\n\n\n<p><\/p>\n\n\n\n<h2 style=\"text-align: center;\">Bulletins de paie des salari\u00e9s en forfait jours et forfait heures<\/h2>\n<p>&nbsp;<\/p>\n\n\n\n<p><\/p>\n\n\n\n<h3 style=\"text-align: center;\"><em>Dans ce dossier vous allez trouver une synth\u00e8se de ce que vous devez savoir sur le forfait jours<\/em><\/h3>\n<p>&nbsp;<\/p>\n\n\n\n<p style=\"text-align: center;\">Ce fichier a \u00e9t\u00e9 mis \u00e0 jour le 29\/03\/2024<\/p>\n<p style=\"text-align: center;\">&nbsp;<\/p>\n\n\n\n<div class=\"wp-block-uagb-buttons uagb-buttons__outer-wrap uagb-btn__default-btn uagb-btn-tablet__default-btn uagb-btn-mobile__default-btn uagb-block-a52116af\"><div class=\"uagb-buttons__wrap uagb-buttons-layout-wrap\">\n<div class=\"wp-block-uagb-buttons-child uagb-buttons__outer-wrap uagb-block-55c50655 wp-block-button is-style-outline\"><div class=\"uagb-button__wrapper\"><a class=\"uagb-buttons-repeater wp-block-button__link has-background has-text-color\" href=\"https:\/\/sitepersojlc.fr\/wp-content\/uploads\/2024\/03\/PROBLEMATIQUES-PAIE-DU-FORFAIT-JOUR-DEFINITIF-11-1.zip\" onclick=\"return true;\" rel=\"follow noopener\" target=\"_self\"><div class=\"uagb-button__link\">Forfait Jours <\/div><\/a><\/div><\/div>\n<\/div><\/div>\n\n\n\n<p><\/p>\n\n\n\n<h4 style=\"text-align: justify;\"><a class=\"tooltip-target\" href=\"https:\/\/cabinet-asavocats.com\/actus\/proratisation-du-plafond-les-forfaits-jours-reduits\" target=\"_blank\" rel=\"noopener\" data-citationid=\"98cbe051-2e7b-58d6-43f0-ef01c049ebf3-2-group\"><span style=\"color: #000000;\">Le Bulletin Officiel de s\u00e9curit\u00e9 sociale (BOSS) a \u00e9tabli que les salari\u00e9s sous convention de forfait en jours sur l\u2019ann\u00e9e ne b\u00e9n\u00e9ficient pas du statut de salari\u00e9 \u00e0 temps partiel, m\u00eame si les forfaits sont inf\u00e9rieurs \u00e0 218 jours par an. L\u2019administration et la jurisprudence en ont donc d\u00e9duit qu\u2019il est impossible de proratiser le plafond applicable \u00e0 leur paye au titre de l\u2019abattement d\u2019assiette pour temps partiel&nbsp;<\/span><\/a>. <span style=\"color: #000000;\">Cependant, \u00e0 partir du 1er avril 2021, le BOSS a chang\u00e9 la donne : le plafond pourra \u00eatre proratis\u00e9 comme pour les salari\u00e9s \u00e0 temps partiel.&nbsp;<a class=\"tooltip-target\" style=\"color: #000000;\" href=\"https:\/\/cabinet-asavocats.com\/actus\/proratisation-du-plafond-les-forfaits-jours-reduits\" target=\"_blank\" rel=\"noopener\" data-citationid=\"98cbe051-2e7b-58d6-43f0-ef01c049ebf3-4-group\">Pour les salari\u00e9s soumis \u00e0 un r\u00e9gime de forfait annuel en jours dit \u00ab r\u00e9duit \u00bb (dur\u00e9e inf\u00e9rieure \u00e0 218 jours sur l\u2019ann\u00e9e), le plafond pourra \u00eatre proratis\u00e9 selon la formule suivante : valeur mensuelle du plafond x (dur\u00e9e du forfait en jours\/218 jours)&nbsp;<\/a>.<\/span><\/h4>\n\n\n\n<p><\/p>\n\n\n\n<div class=\"wp-block-uagb-buttons uagb-buttons__outer-wrap uagb-btn__default-btn uagb-btn-tablet__default-btn uagb-btn-mobile__default-btn uagb-block-6374b285\"><div class=\"uagb-buttons__wrap uagb-buttons-layout-wrap\"><\/div><\/div>\n\n\n\n<div class=\"wp-block-uagb-buttons uagb-buttons__outer-wrap uagb-btn__default-btn uagb-btn-tablet__default-btn uagb-btn-mobile__default-btn uagb-block-1c896d52\"><div class=\"uagb-buttons__wrap uagb-buttons-layout-wrap\">\n<div class=\"wp-block-uagb-buttons-child uagb-buttons__outer-wrap uagb-block-d76dd9bb wp-block-button is-style-outline\"><div class=\"uagb-button__wrapper\"><a class=\"uagb-buttons-repeater wp-block-button__link has-background has-text-color\" href=\"https:\/\/sitepersojlc.fr\/wp-content\/uploads\/2023\/11\/FORFAIT-JOURS-CORRECTION-PRORATISATION.zip\" onclick=\"return true;\" rel=\"follow noopener\" target=\"_self\"><div class=\"uagb-button__link\">Cas o\u00f9 la proratisation est effectu\u00e9e <\/div><\/a><\/div><\/div>\n<\/div><\/div>\n\n\n\n<p><\/p>\n\n\n\n<p><\/p>\n\n\n\n<p><\/p>\n\n\n\n<div class=\"wp-block-uagb-buttons uagb-buttons__outer-wrap uagb-btn__default-btn uagb-btn-tablet__default-btn uagb-btn-mobile__default-btn uagb-block-7d5a5bad\"><div class=\"uagb-buttons__wrap uagb-buttons-layout-wrap\">\n<div class=\"wp-block-uagb-buttons-child uagb-buttons__outer-wrap uagb-block-de31ce07 wp-block-button is-style-outline\"><div class=\"uagb-button__wrapper\"><a class=\"uagb-buttons-repeater wp-block-button__link has-background has-text-color\" href=\"https:\/\/sitepersojlc.fr\/wp-content\/uploads\/2023\/11\/FORFAIT-JOURS-CORRECTION-NON-PRORATISATION-2.zip\" onclick=\"return true;\" rel=\"follow noopener\" target=\"_self\"><div class=\"uagb-button__link\">Cas o\u00f9 la proratisation n&rsquo;est pas effectu\u00e9e <\/div><\/a><\/div><\/div>\n<\/div><\/div>\n\n\n\n<p><\/p>\n\n\n\n<p><\/p>\n\n\n\n<h4>Le temps de travail sur l&rsquo;ann\u00e9e peut \u00eatre exprim\u00e9 en jours mais aussi <span style=\"text-decoration: underline;\">en<\/span> heures.<\/h4>\n<h4 style=\"text-align: justify;\"><a href=\"https:\/\/payfit.com\/fr\/fiches-pratiques\/forfait-heure\/\" target=\"_blank\" rel=\"noopener\" data-citationid=\"0c807a30-3828-1c4d-d81b-e1b23408285c-2-group\"><span style=\"color: #000000;\">L<em>e forfait heures est un dispositif permettant de simplifier la gestion de la paie en pr\u00e9voyant de r\u00e9mun\u00e9rer un nombre d\u2019heures suppl\u00e9mentaires accomplies de fa\u00e7on r\u00e9guli\u00e8re par le salari\u00e9. Le forfait en heure peut \u00eatre hebdomadaire, mensuel ou annuel et permet aux salari\u00e9s d\u2019am\u00e9nager leur temps de travail<\/em><\/span><\/a><span style=\"color: #000000;\"><em>.<\/em><\/span><\/h4>\n<h4 style=\"text-align: justify;\"><span style=\"color: #000000;\">Dans le cadre d\u2019une convention de forfait en heure annuel, le forfait peut ne pas inclure d\u2019heures suppl\u00e9mentaires.\u00a0<a class=\"tooltip-target\" style=\"color: #000000;\" href=\"https:\/\/payfit.com\/fr\/fiches-pratiques\/forfait-heure\/\" target=\"_blank\" rel=\"noopener\" data-citationid=\"0c807a30-3828-1c4d-d81b-e1b23408285c-5-group\">En effet, les salari\u00e9s sous convention de forfait annuel sont soumis \u00e0 une forfait de 1 607 heures et peuvent organiser librement leur temps de travail sans \u00eatre soumis aux horaires de travail collectif<\/a><a class=\"ac-anchor sup-target\" style=\"color: #000000;\" href=\"https:\/\/payfit.com\/fr\/fiches-pratiques\/forfait-heure\/\" target=\"_blank\" rel=\"noopener\" data-citationid=\"0c807a30-3828-1c4d-d81b-e1b23408285c-5\" aria-label=\"1: \"><sup>1<\/sup><\/a>.<\/span><\/h4>\n<h4 style=\"text-align: justify;\"><span style=\"color: #000000;\">Pour les conventions individuelles de forfait en heures conclues sur la semaine ou sur le mois, aucune condition tenant au statut du salari\u00e9 ou \u00e0 son anciennet\u00e9 n\u2019est exig\u00e9e.\u00a0<a class=\"tooltip-target\" style=\"color: #000000;\" href=\"https:\/\/payfit.com\/fr\/fiches-pratiques\/forfait-heure\/\" target=\"_blank\" rel=\"noopener\" data-citationid=\"0c807a30-3828-1c4d-d81b-e1b23408285c-8-group\"><span style=\"text-decoration: underline;\">Par cons\u00e9quent, tout salari\u00e9 peut conclure une convention de forfait de ce type<\/span><\/a><\/span><\/h4>\n<h4 style=\"text-align: justify;\">Dans l&rsquo;exemple qui suit nous avons un forfait heures de 1824 heures par an.<\/h4>\n\n\n\n<p><\/p>\n\n\n\n<p><\/p>\n\n\n\n<div class=\"wp-block-uagb-buttons uagb-buttons__outer-wrap uagb-btn__default-btn uagb-btn-tablet__default-btn uagb-btn-mobile__default-btn uagb-block-b5a313b1\"><div class=\"uagb-buttons__wrap uagb-buttons-layout-wrap\">\n<div class=\"wp-block-uagb-buttons-child uagb-buttons__outer-wrap uagb-block-e42f50a4 wp-block-button is-style-outline\"><div class=\"uagb-button__wrapper\"><a class=\"uagb-buttons-repeater wp-block-button__link has-background has-text-color\" href=\"https:\/\/sitepersojlc.fr\/wp-content\/uploads\/2023\/11\/FORFAIT-HEURES-A-L-ANNEE-ENONCE.zip\" onclick=\"return true;\" rel=\"follow noopener\" target=\"_self\"><div class=\"uagb-button__link\">Bulletin de paie Forfait heures Enonce <\/div><\/a><\/div><\/div>\n\n\n\n<div class=\"wp-block-uagb-buttons-child uagb-buttons__outer-wrap uagb-block-de84a583 wp-block-button is-style-outline\"><div class=\"uagb-button__wrapper\"><a class=\"uagb-buttons-repeater wp-block-button__link has-background has-text-color\" href=\"https:\/\/sitepersojlc.fr\/wp-content\/uploads\/2023\/11\/FORFAIT-HEURES-A-L-ANNEE-CORRECTION.zip\" onclick=\"return true;\" rel=\"follow noopener\" target=\"_self\"><div class=\"uagb-button__link\">Bulletin de paie Forfait heures Correction <\/div><\/a><\/div><\/div>\n<\/div><\/div>\n\n\n\n<p><\/p>\n<div class=\"likebtn_container\" style=\"\"><!-- LikeBtn.com BEGIN --><span class=\"likebtn-wrapper\"  data-identifier=\"page_5854\"  data-site_id=\"6663fc396fd08b3d0b514646\"  data-lang=\"fr\"  data-style=\"\"  data-unlike_allowed=\"\"  data-show_copyright=\"\"  data-item_url=\"https:\/\/sitepersojlc.fr\/?page_id=5854\"  data-item_title=\"Forfait Jours \/ Forfait heures\"  data-item_date=\"2023-10-31T15:57:40+00:00\"  data-engine=\"WordPress\"  data-plugin_v=\"2.6.52\"  data-prx=\"https:\/\/sitepersojlc.fr\/wp-admin\/admin-ajax.php?action=likebtn_prx\"  data-event_handler=\"likebtn_eh\" ><\/span><!-- LikeBtn.com END --><\/div>","protected":false},"excerpt":{"rendered":"<p>Bulletins de paie des salari\u00e9s en forfait jours et forfait heures &nbsp; Dans ce dossier vous allez trouver une synth\u00e8se de ce que vous devez savoir sur le forfait jours &nbsp; Ce fichier a \u00e9t\u00e9 mis \u00e0 jour le 29\/03\/2024 &nbsp; Le Bulletin Officiel de s\u00e9curit\u00e9 sociale (BOSS) a \u00e9tabli que les salari\u00e9s sous convention [&hellip;]<\/p>\n<div class=\"likebtn_container\" style=\"\"><!-- LikeBtn.com BEGIN --><span class=\"likebtn-wrapper\"  data-identifier=\"page_5854\"  data-site_id=\"6663fc396fd08b3d0b514646\"  data-lang=\"fr\"  data-style=\"\"  data-unlike_allowed=\"\"  data-show_copyright=\"\"  data-item_url=\"https:\/\/sitepersojlc.fr\/?page_id=5854\"  data-item_title=\"Forfait Jours \/ Forfait heures\"  data-item_date=\"2023-10-31T15:57:40+00:00\"  data-engine=\"WordPress\"  data-plugin_v=\"2.6.52\"  data-prx=\"https:\/\/sitepersojlc.fr\/wp-admin\/admin-ajax.php?action=likebtn_prx\"  data-event_handler=\"likebtn_eh\" ><\/span><!-- LikeBtn.com END --><\/div>","protected":false},"author":1,"featured_media":0,"parent":0,"menu_order":0,"comment_status":"closed","ping_status":"closed","template":"","meta":{"om_disable_all_campaigns":false,"_uag_custom_page_level_css":"","_monsterinsights_skip_tracking":false,"_monsterinsights_sitenote_active":false,"_monsterinsights_sitenote_note":"","_monsterinsights_sitenote_category":0,"_uf_show_specific_survey":0,"_uf_disable_surveys":false,"footnotes":""},"aioseo_notices":[],"uagb_featured_image_src":{"full":false,"thumbnail":false,"medium":false,"medium_large":false,"large":false,"1536x1536":false,"2048x2048":false},"uagb_author_info":{"display_name":"lechev.1910@gmail.com","author_link":"https:\/\/sitepersojlc.fr\/?author=1"},"uagb_comment_info":0,"uagb_excerpt":"Bulletins de paie des salari\u00e9s en forfait jours et forfait heures &nbsp; Dans ce dossier vous allez trouver une synth\u00e8se de ce que vous devez savoir sur le forfait jours &nbsp; Ce fichier a \u00e9t\u00e9 mis \u00e0 jour le 29\/03\/2024 &nbsp; Le Bulletin Officiel de s\u00e9curit\u00e9 sociale (BOSS) a \u00e9tabli que les salari\u00e9s sous convention\u2026","_links":{"self":[{"href":"https:\/\/sitepersojlc.fr\/index.php?rest_route=\/wp\/v2\/pages\/5854"}],"collection":[{"href":"https:\/\/sitepersojlc.fr\/index.php?rest_route=\/wp\/v2\/pages"}],"about":[{"href":"https:\/\/sitepersojlc.fr\/index.php?rest_route=\/wp\/v2\/types\/page"}],"author":[{"embeddable":true,"href":"https:\/\/sitepersojlc.fr\/index.php?rest_route=\/wp\/v2\/users\/1"}],"replies":[{"embeddable":true,"href":"https:\/\/sitepersojlc.fr\/index.php?rest_route=%2Fwp%2Fv2%2Fcomments&post=5854"}],"version-history":[{"count":24,"href":"https:\/\/sitepersojlc.fr\/index.php?rest_route=\/wp\/v2\/pages\/5854\/revisions"}],"predecessor-version":[{"id":7942,"href":"https:\/\/sitepersojlc.fr\/index.php?rest_route=\/wp\/v2\/pages\/5854\/revisions\/7942"}],"wp:attachment":[{"href":"https:\/\/sitepersojlc.fr\/index.php?rest_route=%2Fwp%2Fv2%2Fmedia&parent=5854"}],"curies":[{"name":"wp","href":"https:\/\/api.w.org\/{rel}","templated":true}]}}