{"id":2724,"date":"2023-01-24T13:20:18","date_gmt":"2023-01-24T13:20:18","guid":{"rendered":"https:\/\/sitepersojlc.fr\/?page_id=2724"},"modified":"2025-10-04T17:26:21","modified_gmt":"2025-10-04T17:26:21","slug":"retrospective-et-reflexions-pour-les-60-ans-de-lamas","status":"publish","type":"page","link":"https:\/\/sitepersojlc.fr\/?page_id=2724","title":{"rendered":"R\u00e9trospective et R\u00e9flexions pour les 60 ans    de l&rsquo;AMAS"},"content":{"rendered":"<div class=\"has-text-align-center wp-block-post-date\"><time datetime=\"2023-01-24T13:20:18+00:00\">24 janvier 2023<\/time><\/div>\n\n\n<p><\/p>\n\n\n\n<p><\/p>\n\n\n\n<figure class=\"wp-block-image size-large\"><img decoding=\"async\" src=\"https:\/\/sitepersojlc.fr\/wp-content\/uploads\/2025\/09\/IMG_0491-scaled.jpg\" alt=\"\"\/><\/figure>\n\n\n\n<p><\/p>\n\n\n\n<p><\/p>\n\n\n\n<h5 class=\"has-text-align-center\" style=\"text-align: center;\">Article initialement publi\u00e9 dans \u00ab&nbsp;The Cadmus Journal&nbsp;\u00bb en Juin 2021<\/h5>\n\n\n\n<p class=\"has-text-align-center\">Auteur : Garry Jacobs et d&rsquo;autres <\/p>\n\n\n\n<p><\/p>\n\n\n\n<div class=\"wp-block-uagb-buttons uagb-buttons__outer-wrap uagb-btn__default-btn uagb-btn-tablet__default-btn uagb-btn-mobile__default-btn uagb-block-cc2fbb1d\"><div class=\"uagb-buttons__wrap uagb-buttons-layout-wrap\">\n<div class=\"wp-block-uagb-buttons-child uagb-buttons__outer-wrap uagb-block-cf3c693d wp-block-button is-style-outline\"><div class=\"uagb-button__wrapper\"><a class=\"uagb-buttons-repeater wp-block-button__link has-text-color\" href=\"#\" onclick=\"return false;\" rel=\"follow noopener\" target=\"_self\"><div class=\"uagb-button__link\">T\u00e9l\u00e9chargement du PDF<\/div><\/a><\/div><\/div>\n<\/div><\/div>\n\n\n\n<p><\/p>\n\n\n\n<h3 style=\"text-align: center;\">R\u00e9sum\u00e9<\/h3>\n\n\n\n<h3 style=\"text-align: justify;\">La solution au r\u00e9seau complexe de probl\u00e8mes auxquels l\u2019humanit\u00e9 est confront\u00e9e d\u00e9passe les capacit\u00e9s de tout individu ou petit groupe d\u2019individus ou d\u2019organisations. Mais elle ne r\u00e9side pas au-del\u00e0 de la capacit\u00e9 de l\u2019aspiration collective, de l\u2019intelligence et de la d\u00e9termination de l\u2019humanit\u00e9.<\/h3>\n\n\n\n<h3 style=\"text-align: justify;\">Le monde a besoin d\u2019un leadership ambitieux qui transcende la partisanerie et les limites des perspectives politiques, \u00e9conomiques et culturelles int\u00e9ress\u00e9es. Il a besoin de personnes et d\u2019organisations engag\u00e9es \u00e0 penser au nom de toute l\u2019humanit\u00e9, et pas seulement \u00e0 elles-m\u00eames. Il a besoin d\u2019un leadership qui rassemble les gens plut\u00f4t que de nous diviser en factions comp\u00e9titives et en camps bellig\u00e9rants. Il a besoin d\u2019une pens\u00e9e transdisciplinaire qui transcende toutes les fronti\u00e8res, \u00e0 la recherche de v\u00e9rit\u00e9s compl\u00e9mentaires qui se compl\u00e8tent plut\u00f4t que de se faire concurrence et de se nier les unes les autres. Il a besoin d\u2019une \u00e9ducation qui anime et inspire, \u00e9veille la cr\u00e9ativit\u00e9 et favorise une v\u00e9ritable individualit\u00e9, plut\u00f4t que l\u2019\u00e9go\u00efsme.<\/h3>\n\n\n\n<h3 style=\"text-align: justify;\">Nous avons besoin d\u2019une individualit\u00e9 qui s\u2019identifie au bien-\u00eatre commun de tous et qui travaille pour lui. L\u2019Acad\u00e9mie Mondiale des Arts et des Sciences est un r\u00e9seau d\u2019individus engag\u00e9s du monde entier travaillant avec d\u2019autres individus, organisations et r\u00e9seaux partageant les m\u00eames id\u00e9es en tant que volets d\u2019un r\u00e9seau universel de r\u00e9seaux ayant le pouvoir collectif de d\u00e9clencher un mouvement mondial d\u2019\u00e9volution sociale consciente.<\/h3>\n\n\n\n<p><\/p>\n\n\n\n<p><\/p>\n\n\n\n<p><\/p>\n\n\n\n<p><\/p>\n\n\n\n<p><\/p>\n\n\n\n<p><\/p>\n\n\n\n<p><\/p>\n\n\n\n<p><\/p>\n\n\n\n<p><\/p>\n<div class=\"likebtn_container\" style=\"\"><!-- LikeBtn.com BEGIN --><span class=\"likebtn-wrapper\"  data-identifier=\"page_2724\"  data-site_id=\"6663fc396fd08b3d0b514646\"  data-lang=\"fr\"  data-style=\"\"  data-unlike_allowed=\"\"  data-show_copyright=\"\"  data-item_url=\"https:\/\/sitepersojlc.fr\/?page_id=2724\"  data-item_title=\"R\u00e9trospective et R\u00e9flexions pour les 60 ans de l&#039;AMAS\"  data-item_date=\"2023-01-24T13:20:18+00:00\"  data-engine=\"WordPress\"  data-plugin_v=\"2.6.52\"  data-prx=\"https:\/\/sitepersojlc.fr\/wp-admin\/admin-ajax.php?action=likebtn_prx\"  data-event_handler=\"likebtn_eh\" ><\/span><!-- LikeBtn.com END --><\/div>","protected":false},"excerpt":{"rendered":"<p>Article initialement publi\u00e9 dans \u00ab&nbsp;The Cadmus Journal&nbsp;\u00bb en Juin 2021 Auteur : Garry Jacobs et d&rsquo;autres R\u00e9sum\u00e9 La solution au r\u00e9seau complexe de probl\u00e8mes auxquels l\u2019humanit\u00e9 est confront\u00e9e d\u00e9passe les capacit\u00e9s de tout individu ou petit groupe d\u2019individus ou d\u2019organisations. Mais elle ne r\u00e9side pas au-del\u00e0 de la capacit\u00e9 de l\u2019aspiration collective, de l\u2019intelligence et [&hellip;]<\/p>\n<div class=\"likebtn_container\" style=\"\"><!-- LikeBtn.com BEGIN --><span class=\"likebtn-wrapper\"  data-identifier=\"page_2724\"  data-site_id=\"6663fc396fd08b3d0b514646\"  data-lang=\"fr\"  data-style=\"\"  data-unlike_allowed=\"\"  data-show_copyright=\"\"  data-item_url=\"https:\/\/sitepersojlc.fr\/?page_id=2724\"  data-item_title=\"R\u00e9trospective et R\u00e9flexions pour les 60 ans de l&#039;AMAS\"  data-item_date=\"2023-01-24T13:20:18+00:00\"  data-engine=\"WordPress\"  data-plugin_v=\"2.6.52\"  data-prx=\"https:\/\/sitepersojlc.fr\/wp-admin\/admin-ajax.php?action=likebtn_prx\"  data-event_handler=\"likebtn_eh\" ><\/span><!-- LikeBtn.com END --><\/div>","protected":false},"author":1,"featured_media":0,"parent":0,"menu_order":0,"comment_status":"closed","ping_status":"closed","template":"","meta":{"om_disable_all_campaigns":false,"_uag_custom_page_level_css":"","_monsterinsights_skip_tracking":false,"_monsterinsights_sitenote_active":false,"_monsterinsights_sitenote_note":"","_monsterinsights_sitenote_category":0,"_uf_show_specific_survey":0,"_uf_disable_surveys":false,"footnotes":""},"aioseo_notices":[],"uagb_featured_image_src":{"full":false,"thumbnail":false,"medium":false,"medium_large":false,"large":false,"1536x1536":false,"2048x2048":false},"uagb_author_info":{"display_name":"lechev.1910@gmail.com","author_link":"https:\/\/sitepersojlc.fr\/?author=1"},"uagb_comment_info":0,"uagb_excerpt":"Article initialement publi\u00e9 dans \u00ab&nbsp;The Cadmus Journal&nbsp;\u00bb en Juin 2021 Auteur : Garry Jacobs et d&rsquo;autres R\u00e9sum\u00e9 La solution au r\u00e9seau complexe de probl\u00e8mes auxquels l\u2019humanit\u00e9 est confront\u00e9e d\u00e9passe les capacit\u00e9s de tout individu ou petit groupe d\u2019individus ou d\u2019organisations. Mais elle ne r\u00e9side pas au-del\u00e0 de la capacit\u00e9 de l\u2019aspiration collective, de l\u2019intelligence et\u2026","_links":{"self":[{"href":"https:\/\/sitepersojlc.fr\/index.php?rest_route=\/wp\/v2\/pages\/2724"}],"collection":[{"href":"https:\/\/sitepersojlc.fr\/index.php?rest_route=\/wp\/v2\/pages"}],"about":[{"href":"https:\/\/sitepersojlc.fr\/index.php?rest_route=\/wp\/v2\/types\/page"}],"author":[{"embeddable":true,"href":"https:\/\/sitepersojlc.fr\/index.php?rest_route=\/wp\/v2\/users\/1"}],"replies":[{"embeddable":true,"href":"https:\/\/sitepersojlc.fr\/index.php?rest_route=%2Fwp%2Fv2%2Fcomments&post=2724"}],"version-history":[{"count":6,"href":"https:\/\/sitepersojlc.fr\/index.php?rest_route=\/wp\/v2\/pages\/2724\/revisions"}],"predecessor-version":[{"id":11557,"href":"https:\/\/sitepersojlc.fr\/index.php?rest_route=\/wp\/v2\/pages\/2724\/revisions\/11557"}],"wp:attachment":[{"href":"https:\/\/sitepersojlc.fr\/index.php?rest_route=%2Fwp%2Fv2%2Fmedia&parent=2724"}],"curies":[{"name":"wp","href":"https:\/\/api.w.org\/{rel}","templated":true}]}}