{"id":2038,"date":"2023-01-19T23:06:09","date_gmt":"2023-01-19T23:06:09","guid":{"rendered":"https:\/\/sitepersojlc.fr\/?page_id=2038"},"modified":"2024-03-18T12:40:11","modified_gmt":"2024-03-18T12:40:11","slug":"2052-une-prevision-mondiale-pour-les-quarante-prochaines-annees","status":"publish","type":"page","link":"https:\/\/sitepersojlc.fr\/?page_id=2038","title":{"rendered":"2052 : une Pr\u00e9vision Mondiale pour les Quarante Prochaines Ann\u00e9es"},"content":{"rendered":"\n<p class=\"has-text-align-center\"><\/p>\n\n\n\n<p><\/p>\n\n\n\n<figure class=\"wp-block-image size-full\"><img decoding=\"async\" loading=\"lazy\" width=\"980\" height=\"716\" src=\"https:\/\/sitepersojlc.fr\/wp-content\/uploads\/2024\/03\/AMOUR-VICTORIEUX.jpg\" alt=\"\" class=\"wp-image-7584\" srcset=\"https:\/\/sitepersojlc.fr\/wp-content\/uploads\/2024\/03\/AMOUR-VICTORIEUX.jpg 980w, https:\/\/sitepersojlc.fr\/wp-content\/uploads\/2024\/03\/AMOUR-VICTORIEUX-300x219.jpg 300w, https:\/\/sitepersojlc.fr\/wp-content\/uploads\/2024\/03\/AMOUR-VICTORIEUX-768x561.jpg 768w\" sizes=\"(max-width: 980px) 100vw, 980px\" \/><\/figure>\n\n\n\n<p><\/p>\n\n\n\n<h2 style=\"text-align: center;\">\u00ab 2052 : Pr\u00e9visions Mondiales pour les Quarante Prochaines Ann\u00e9es <\/h2>\n<h4 style=\"text-align: center;\"><em>Article initialement paru dans \u00ab\u00a0<a href=\"https:\/\/www.cadmusjournal.org\/\">Cadmus Journal<\/a>\u00a0\u00bb le 6 Octobre 2012<\/em><\/h4>\n<p style=\"text-align: center;\">sous le titre<\/p>\n<h4 style=\"text-align: center;\"><span class=\"title\"> <a href=\"https:\/\/www.cadmusjournal.org\/article\/issue-5\/book-review-2052-global-forecast-next-forty-years\">Book Review &#8211; 2052: A Global Forecast for the Next Forty Years<\/a> <\/span><\/h4>\n<h4 style=\"text-align: center;\">&nbsp;<\/h4>\n\n\n\n<h2 class=\"wp-block-heading has-text-align-center\">R\u00e9sum\u00e9<\/h2>\n\n\n\n<div class=\"wp-block-columns has-medium-font-size is-layout-flex wp-container-2\">\n<div class=\"wp-block-column is-layout-flow\" style=\"flex-basis:100%\">\n<h3 style=\"text-align: justify;\"><br \/><em>2052 : Pr\u00e9visions Mondiales pour les Quarante Prochaines Ann\u00e9es<\/em> est un rapport au CdR comm\u00e9morant le 40<sup>e<\/sup> anniversaire des \u00ab\u00a0Limites de la Croissance\u00a0\u00bb \u00e9crit par l\u2019un des quatre auteurs originaux. Cette pr\u00e9vision g\u00e9n\u00e9rale est \u00ab une estimation \u00e9clair\u00e9e retra\u00e7ant les grandes lignes de ce que je consid\u00e8re comme l\u2019\u00e9volution mondiale probable d\u2019ici 2052&#8230; la feuille de route mondiale la plus probable jusqu\u2019en 2052 pour que je sache ce qui m\u2019attend.\u00a0\u00bb Depuis la publication des \u00ab\u00a0Limites de la Croissance\u00a0\u00bb en 1972, \u00ab l\u2019humanit\u00e9 reste dans un solide d\u00e9passement&#8230; et nous pouvons discerner les premiers signes de la destruction progressive \u00e0 venir de l\u2019\u00e9cosyst\u00e8me \u00bb (p.xv).<\/h3>\n<p>\u00a0<\/p>\n<\/div>\n<\/div>\n\n\n\n<div class=\"wp-block-uagb-buttons uagb-buttons__outer-wrap uagb-btn__default-btn uagb-btn-tablet__default-btn uagb-btn-mobile__default-btn uagb-block-3a47222f\"><div class=\"uagb-buttons__wrap uagb-buttons-layout-wrap\">\n<div class=\"wp-block-uagb-buttons-child uagb-buttons__outer-wrap uagb-block-60900e1c wp-block-button is-style-outline\"><div class=\"uagb-button__wrapper\"><a class=\"uagb-buttons-repeater wp-block-button__link has-background has-text-color\" href=\"https:\/\/sitepersojlc.fr\/wp-content\/uploads\/2023\/12\/1.-Book-Review-2052-FO.pdf\" onclick=\"return true;\" rel=\"follow noopener\" target=\"_self\"><div class=\"uagb-button__link\">T\u00e9l\u00e9chargement du PDF <\/div><\/a><\/div><\/div>\n\n\n\n<div class=\"wp-block-uagb-buttons-child uagb-buttons__outer-wrap uagb-block-d1da7e47 wp-block-button is-style-outline\"><div class=\"uagb-button__wrapper\"><a class=\"uagb-buttons-repeater wp-block-button__link has-background has-text-color\" href=\"#\" onclick=\"return false;\" rel=\"follow noopener\" target=\"_self\"><div class=\"uagb-button__link\">Pr\u00e9sentation de l&rsquo;auteur <\/div><\/a><\/div><\/div>\n<\/div><\/div>\n\n\n\n<p><\/p>\n\n\n\n<p><\/p>\n\n\n\n<p><\/p>\n<div class=\"likebtn_container\" style=\"\"><!-- LikeBtn.com BEGIN --><span class=\"likebtn-wrapper\"  data-identifier=\"page_2038\"  data-site_id=\"6663fc396fd08b3d0b514646\"  data-lang=\"fr\"  data-style=\"\"  data-unlike_allowed=\"\"  data-show_copyright=\"\"  data-item_url=\"https:\/\/sitepersojlc.fr\/?page_id=2038\"  data-item_title=\"2052 : une Pr\u00e9vision Mondiale pour les Quarante Prochaines Ann\u00e9es\"  data-item_date=\"2023-01-19T23:06:09+00:00\"  data-engine=\"WordPress\"  data-plugin_v=\"2.6.52\"  data-prx=\"https:\/\/sitepersojlc.fr\/wp-admin\/admin-ajax.php?action=likebtn_prx\"  data-event_handler=\"likebtn_eh\" ><\/span><!-- LikeBtn.com END --><\/div>","protected":false},"excerpt":{"rendered":"<p>\u00ab 2052 : Pr\u00e9visions Mondiales pour les Quarante Prochaines Ann\u00e9es Article initialement paru dans \u00ab\u00a0Cadmus Journal\u00a0\u00bb le 6 Octobre 2012 sous le titre Book Review &#8211; 2052: A Global Forecast for the Next Forty Years &nbsp; R\u00e9sum\u00e9 2052 : Pr\u00e9visions Mondiales pour les Quarante Prochaines Ann\u00e9es est un rapport au CdR comm\u00e9morant le 40e anniversaire [&hellip;]<\/p>\n<div class=\"likebtn_container\" style=\"\"><!-- LikeBtn.com BEGIN --><span class=\"likebtn-wrapper\"  data-identifier=\"page_2038\"  data-site_id=\"6663fc396fd08b3d0b514646\"  data-lang=\"fr\"  data-style=\"\"  data-unlike_allowed=\"\"  data-show_copyright=\"\"  data-item_url=\"https:\/\/sitepersojlc.fr\/?page_id=2038\"  data-item_title=\"2052 : une Pr\u00e9vision Mondiale pour les Quarante Prochaines Ann\u00e9es\"  data-item_date=\"2023-01-19T23:06:09+00:00\"  data-engine=\"WordPress\"  data-plugin_v=\"2.6.52\"  data-prx=\"https:\/\/sitepersojlc.fr\/wp-admin\/admin-ajax.php?action=likebtn_prx\"  data-event_handler=\"likebtn_eh\" ><\/span><!-- LikeBtn.com END --><\/div>","protected":false},"author":1,"featured_media":0,"parent":0,"menu_order":0,"comment_status":"closed","ping_status":"closed","template":"","meta":{"om_disable_all_campaigns":false,"_uag_custom_page_level_css":"","_monsterinsights_skip_tracking":false,"_monsterinsights_sitenote_active":false,"_monsterinsights_sitenote_note":"","_monsterinsights_sitenote_category":0,"_uf_show_specific_survey":0,"_uf_disable_surveys":false,"footnotes":""},"aioseo_notices":[],"uagb_featured_image_src":{"full":false,"thumbnail":false,"medium":false,"medium_large":false,"large":false,"1536x1536":false,"2048x2048":false},"uagb_author_info":{"display_name":"lechev.1910@gmail.com","author_link":"https:\/\/sitepersojlc.fr\/?author=1"},"uagb_comment_info":0,"uagb_excerpt":"\u00ab 2052 : Pr\u00e9visions Mondiales pour les Quarante Prochaines Ann\u00e9es Article initialement paru dans \u00ab\u00a0Cadmus Journal\u00a0\u00bb le 6 Octobre 2012 sous le titre Book Review &#8211; 2052: A Global Forecast for the Next Forty Years &nbsp; R\u00e9sum\u00e9 2052 : Pr\u00e9visions Mondiales pour les Quarante Prochaines Ann\u00e9es est un rapport au CdR comm\u00e9morant le 40e anniversaire\u2026","_links":{"self":[{"href":"https:\/\/sitepersojlc.fr\/index.php?rest_route=\/wp\/v2\/pages\/2038"}],"collection":[{"href":"https:\/\/sitepersojlc.fr\/index.php?rest_route=\/wp\/v2\/pages"}],"about":[{"href":"https:\/\/sitepersojlc.fr\/index.php?rest_route=\/wp\/v2\/types\/page"}],"author":[{"embeddable":true,"href":"https:\/\/sitepersojlc.fr\/index.php?rest_route=\/wp\/v2\/users\/1"}],"replies":[{"embeddable":true,"href":"https:\/\/sitepersojlc.fr\/index.php?rest_route=%2Fwp%2Fv2%2Fcomments&post=2038"}],"version-history":[{"count":24,"href":"https:\/\/sitepersojlc.fr\/index.php?rest_route=\/wp\/v2\/pages\/2038\/revisions"}],"predecessor-version":[{"id":7586,"href":"https:\/\/sitepersojlc.fr\/index.php?rest_route=\/wp\/v2\/pages\/2038\/revisions\/7586"}],"wp:attachment":[{"href":"https:\/\/sitepersojlc.fr\/index.php?rest_route=%2Fwp%2Fv2%2Fmedia&parent=2038"}],"curies":[{"name":"wp","href":"https:\/\/api.w.org\/{rel}","templated":true}]}}