{"id":11888,"date":"2025-10-24T09:19:16","date_gmt":"2025-10-24T09:19:16","guid":{"rendered":"https:\/\/sitepersojlc.fr\/?page_id=11888"},"modified":"2025-10-27T15:15:06","modified_gmt":"2025-10-27T15:15:06","slug":"accident-du-travail","status":"publish","type":"page","link":"https:\/\/sitepersojlc.fr\/?page_id=11888","title":{"rendered":"Accident du Travail"},"content":{"rendered":"\n<p><\/p>\n\n\n\n<h3 style=\"text-align: center;\">Accident du Travail&nbsp;<\/h3>\n\n\n\n<p><\/p>\n\n\n\n<figure class=\"wp-block-image size-large\"><img decoding=\"async\" loading=\"lazy\" width=\"1024\" height=\"361\" src=\"https:\/\/sitepersojlc.fr\/wp-content\/uploads\/2025\/05\/Bali-panorama-1024x361.jpg\" alt=\"\" class=\"wp-image-9834\" srcset=\"https:\/\/sitepersojlc.fr\/wp-content\/uploads\/2025\/05\/Bali-panorama-1024x361.jpg 1024w, https:\/\/sitepersojlc.fr\/wp-content\/uploads\/2025\/05\/Bali-panorama-300x106.jpg 300w, https:\/\/sitepersojlc.fr\/wp-content\/uploads\/2025\/05\/Bali-panorama-768x271.jpg 768w, https:\/\/sitepersojlc.fr\/wp-content\/uploads\/2025\/05\/Bali-panorama-1536x542.jpg 1536w, https:\/\/sitepersojlc.fr\/wp-content\/uploads\/2025\/05\/Bali-panorama.jpg 1700w\" sizes=\"(max-width: 1024px) 100vw, 1024px\" \/><\/figure>\n\n\n\n<p><\/p>\n\n\n\n<h3 style=\"text-align: center;\"><strong>Exercice 1<\/strong>\u00a0<\/h3>\n<h4 style=\"text-align: justify;\">On vous demande d&rsquo;\u00e9tablir pour le mois de <strong>Septembre 2025<\/strong>\u00a0 le bulletin de paie d&rsquo;un <strong>ouvrier du b\u00e2timent <\/strong>travaillant dans une entreprise de la r\u00e9gion <strong>PACA<\/strong> relevant de l<strong>&lsquo;IDCC 1597<\/strong>. Ce salari\u00e9 est victime d&rsquo;un <strong>accident du travail<\/strong> le 22\/09 et est en arr\u00eat de travail du 23\/09 au 30\/09.\u00a0<\/h4>\n\n\n\n<p><\/p>\n\n\n\n<div class=\"wp-block-uagb-buttons uagb-buttons__outer-wrap uagb-btn__default-btn uagb-btn-tablet__default-btn uagb-btn-mobile__default-btn uagb-block-7a794731\"><div class=\"uagb-buttons__wrap uagb-buttons-layout-wrap\">\n<div class=\"wp-block-uagb-buttons-child uagb-buttons__outer-wrap uagb-block-0aa41d57 wp-block-button is-style-outline\"><div class=\"uagb-button__wrapper\"><a class=\"uagb-buttons-repeater wp-block-button__link has-background has-text-color\" href=\"https:\/\/sitepersojlc.fr\/wp-content\/uploads\/2025\/10\/BP-1-ACCIDENT-DU-TRAVAIL-O-1597-SEPT-TM.zip\" onclick=\"return true;\" rel=\"follow noopener\" target=\"_self\"><div class=\"uagb-button__link\">Bulletin de Paie Comment\u00e9 1 <\/div><\/a><\/div><\/div>\n<\/div><\/div>\n\n\n\n<p><\/p>\n\n\n\n<p><\/p>\n\n\n\n<p><\/p>\n\n\n\n<p><\/p>\n<div class=\"likebtn_container\" style=\"\"><!-- LikeBtn.com BEGIN --><span class=\"likebtn-wrapper\"  data-identifier=\"page_11888\"  data-site_id=\"6663fc396fd08b3d0b514646\"  data-lang=\"fr\"  data-style=\"\"  data-unlike_allowed=\"\"  data-show_copyright=\"\"  data-item_url=\"https:\/\/sitepersojlc.fr\/?page_id=11888\"  data-item_title=\"Accident du Travail\"  data-item_date=\"2025-10-24T09:19:16+00:00\"  data-engine=\"WordPress\"  data-plugin_v=\"2.6.52\"  data-prx=\"https:\/\/sitepersojlc.fr\/wp-admin\/admin-ajax.php?action=likebtn_prx\"  data-event_handler=\"likebtn_eh\" ><\/span><!-- LikeBtn.com END --><\/div>","protected":false},"excerpt":{"rendered":"<p>Accident du Travail&nbsp; Exercice 1\u00a0 On vous demande d&rsquo;\u00e9tablir pour le mois de Septembre 2025\u00a0 le bulletin de paie d&rsquo;un ouvrier du b\u00e2timent travaillant dans une entreprise de la r\u00e9gion PACA relevant de l&lsquo;IDCC 1597. Ce salari\u00e9 est victime d&rsquo;un accident du travail le 22\/09 et est en arr\u00eat de travail du 23\/09 au 30\/09.\u00a0<\/p>\n<div class=\"likebtn_container\" style=\"\"><!-- LikeBtn.com BEGIN --><span class=\"likebtn-wrapper\"  data-identifier=\"page_11888\"  data-site_id=\"6663fc396fd08b3d0b514646\"  data-lang=\"fr\"  data-style=\"\"  data-unlike_allowed=\"\"  data-show_copyright=\"\"  data-item_url=\"https:\/\/sitepersojlc.fr\/?page_id=11888\"  data-item_title=\"Accident du Travail\"  data-item_date=\"2025-10-24T09:19:16+00:00\"  data-engine=\"WordPress\"  data-plugin_v=\"2.6.52\"  data-prx=\"https:\/\/sitepersojlc.fr\/wp-admin\/admin-ajax.php?action=likebtn_prx\"  data-event_handler=\"likebtn_eh\" ><\/span><!-- LikeBtn.com END --><\/div>","protected":false},"author":1,"featured_media":0,"parent":0,"menu_order":0,"comment_status":"closed","ping_status":"closed","template":"","meta":{"om_disable_all_campaigns":false,"_uag_custom_page_level_css":"","_monsterinsights_skip_tracking":false,"_monsterinsights_sitenote_active":false,"_monsterinsights_sitenote_note":"","_monsterinsights_sitenote_category":0,"_uf_show_specific_survey":0,"_uf_disable_surveys":false,"footnotes":""},"aioseo_notices":[],"uagb_featured_image_src":{"full":false,"thumbnail":false,"medium":false,"medium_large":false,"large":false,"1536x1536":false,"2048x2048":false},"uagb_author_info":{"display_name":"lechev.1910@gmail.com","author_link":"https:\/\/sitepersojlc.fr\/?author=1"},"uagb_comment_info":0,"uagb_excerpt":"Accident du Travail&nbsp; Exercice 1\u00a0 On vous demande d&rsquo;\u00e9tablir pour le mois de Septembre 2025\u00a0 le bulletin de paie d&rsquo;un ouvrier du b\u00e2timent travaillant dans une entreprise de la r\u00e9gion PACA relevant de l&lsquo;IDCC 1597. Ce salari\u00e9 est victime d&rsquo;un accident du travail le 22\/09 et est en arr\u00eat de travail du 23\/09 au 30\/09.\u00a0","_links":{"self":[{"href":"https:\/\/sitepersojlc.fr\/index.php?rest_route=\/wp\/v2\/pages\/11888"}],"collection":[{"href":"https:\/\/sitepersojlc.fr\/index.php?rest_route=\/wp\/v2\/pages"}],"about":[{"href":"https:\/\/sitepersojlc.fr\/index.php?rest_route=\/wp\/v2\/types\/page"}],"author":[{"embeddable":true,"href":"https:\/\/sitepersojlc.fr\/index.php?rest_route=\/wp\/v2\/users\/1"}],"replies":[{"embeddable":true,"href":"https:\/\/sitepersojlc.fr\/index.php?rest_route=%2Fwp%2Fv2%2Fcomments&post=11888"}],"version-history":[{"count":5,"href":"https:\/\/sitepersojlc.fr\/index.php?rest_route=\/wp\/v2\/pages\/11888\/revisions"}],"predecessor-version":[{"id":11954,"href":"https:\/\/sitepersojlc.fr\/index.php?rest_route=\/wp\/v2\/pages\/11888\/revisions\/11954"}],"wp:attachment":[{"href":"https:\/\/sitepersojlc.fr\/index.php?rest_route=%2Fwp%2Fv2%2Fmedia&parent=11888"}],"curies":[{"name":"wp","href":"https:\/\/api.w.org\/{rel}","templated":true}]}}