{"id":11204,"date":"2025-09-06T08:46:52","date_gmt":"2025-09-06T08:46:52","guid":{"rendered":"https:\/\/sitepersojlc.fr\/?page_id=11204"},"modified":"2025-11-08T11:36:51","modified_gmt":"2025-11-08T11:36:51","slug":"bulletins-de-paie-commentes-des-etam-des-travaux-publics-idcc-2614","status":"publish","type":"page","link":"https:\/\/sitepersojlc.fr\/?page_id=11204","title":{"rendered":"7.Bulletins de Paie Comment\u00e9s des ETAM des Travaux Publics IDCC 2614"},"content":{"rendered":"\n<p><\/p>\n\n\n\n<h3 style=\"text-align: justify;\">7.Bulletins de Paie Comment\u00e9s des ETAM&nbsp; des Travaux Publics IDCC 2614<\/h3>\n\n\n\n<p><\/p>\n\n\n\n<p><\/p>\n\n\n\n<h3 style=\"text-align: justify;\">L&rsquo;ordre des chapitres suit une progression p\u00e9dagogique&nbsp;<\/h3>\n\n\n\n<p><\/p>\n\n\n\n<figure class=\"wp-block-image size-large\"><img decoding=\"async\" loading=\"lazy\" width=\"1024\" height=\"768\" src=\"https:\/\/sitepersojlc.fr\/wp-content\/uploads\/2024\/01\/164703298_1163204754134644_379123229658572658_n-4-1024x768.jpg\" alt=\"\" class=\"wp-image-7013\" srcset=\"https:\/\/sitepersojlc.fr\/wp-content\/uploads\/2024\/01\/164703298_1163204754134644_379123229658572658_n-4-1024x768.jpg 1024w, https:\/\/sitepersojlc.fr\/wp-content\/uploads\/2024\/01\/164703298_1163204754134644_379123229658572658_n-4-300x225.jpg 300w, https:\/\/sitepersojlc.fr\/wp-content\/uploads\/2024\/01\/164703298_1163204754134644_379123229658572658_n-4-768x576.jpg 768w, https:\/\/sitepersojlc.fr\/wp-content\/uploads\/2024\/01\/164703298_1163204754134644_379123229658572658_n-4-1536x1152.jpg 1536w, https:\/\/sitepersojlc.fr\/wp-content\/uploads\/2024\/01\/164703298_1163204754134644_379123229658572658_n-4.jpg 1728w\" sizes=\"(max-width: 1024px) 100vw, 1024px\" \/><\/figure>\n\n\n\n<p><\/p>\n\n\n\n<p><\/p>\n\n\n\n<div class=\"wp-block-uagb-buttons uagb-buttons__outer-wrap uagb-btn__default-btn uagb-btn-tablet__default-btn uagb-btn-mobile__default-btn uagb-block-329a3421\"><div class=\"uagb-buttons__wrap uagb-buttons-layout-wrap\">\n<div class=\"wp-block-uagb-buttons-child uagb-buttons__outer-wrap uagb-block-7f532790 wp-block-button is-style-outline\"><div class=\"uagb-button__wrapper\"><a class=\"uagb-buttons-repeater wp-block-button__link has-background has-text-color\" href=\"https:\/\/sitepersojlc.fr\/wp-content\/uploads\/2025\/10\/Convention-collective-travaux-publics-ETAM-2614.zip\" onclick=\"return true;\" rel=\"follow noopener\" target=\"_self\"><div class=\"uagb-button__link\">CCN 2614<\/div><\/a><\/div><\/div>\n<\/div><\/div>\n\n\n\n<p><\/p>\n\n\n\n<div class=\"wp-block-uagb-buttons uagb-buttons__outer-wrap uagb-btn__default-btn uagb-btn-tablet__default-btn uagb-btn-mobile__default-btn uagb-block-82f22ef5\"><div class=\"uagb-buttons__wrap uagb-buttons-layout-wrap\">\n<div class=\"wp-block-uagb-buttons-child uagb-buttons__outer-wrap uagb-block-03d389c2 wp-block-button is-style-outline\"><div class=\"uagb-button__wrapper\"><a class=\"uagb-buttons-repeater wp-block-button__link has-background has-text-color\" href=\"https:\/\/sitepersojlc.fr\/wp-content\/uploads\/2025\/10\/CCN-ETAM-TP-2614-TEXTE.zip\" onclick=\"return true;\" rel=\"follow noopener\" target=\"_self\"><div class=\"uagb-button__link\">Texte de la CCN 2614<\/div><\/a><\/div><\/div>\n<\/div><\/div>\n\n\n\n<p><\/p>\n\n\n\n<div class=\"wp-block-uagb-buttons uagb-buttons__outer-wrap uagb-btn__default-btn uagb-btn-tablet__default-btn uagb-btn-mobile__default-btn uagb-block-2197baf2\"><div class=\"uagb-buttons__wrap uagb-buttons-layout-wrap\">\n<div class=\"wp-block-uagb-buttons-child uagb-buttons__outer-wrap uagb-block-afd48cc4 wp-block-button is-style-outline\"><div class=\"uagb-button__wrapper\"><a class=\"uagb-buttons-repeater wp-block-button__link has-background has-text-color\" href=\"https:\/\/sitepersojlc.fr\/wp-content\/uploads\/2025\/10\/Synthse-Cotisations-ETAM-TP-IDCC-2614.zip\" onclick=\"return true;\" rel=\"follow noopener\" target=\"_self\"><div class=\"uagb-button__link\">SYNTHESE DES COTISATIONS DES ETAM DES TP <\/div><\/a><\/div><\/div>\n<\/div><\/div>\n\n\n\n<p><\/p>\n\n\n\n<div class=\"wp-block-uagb-buttons uagb-buttons__outer-wrap uagb-btn__default-btn uagb-btn-tablet__default-btn uagb-btn-mobile__default-btn uagb-block-9b56c099\"><div class=\"uagb-buttons__wrap uagb-buttons-layout-wrap\">\n<div class=\"wp-block-uagb-buttons-child uagb-buttons__outer-wrap uagb-block-260b6053 wp-block-button is-style-outline\"><div class=\"uagb-button__wrapper\"><a class=\"uagb-buttons-repeater wp-block-button__link has-background has-text-color\" href=\"https:\/\/sitepersojlc.fr\/wp-content\/uploads\/2025\/10\/Indemnite-de-panier-1.zip\" onclick=\"return true;\" rel=\"follow noopener\" target=\"_self\"><div class=\"uagb-button__link\">Indemnit\u00e9 de Panier<\/div><\/a><\/div><\/div>\n<\/div><\/div>\n\n\n\n<p><\/p>\n\n\n\n<p><\/p>\n\n\n\n<h3 style=\"text-align: center;\"><strong>Exercice 1&nbsp;<\/strong><\/h3>\n<h4 style=\"text-align: justify;\">Dans ce premier exercice vous allez \u00eatre amen\u00e9 \u00e0 \u00e9tablir le bulletin de paie de Janvier 2025 d&rsquo;un ETAM&nbsp; CHANTIER de Niveau D travaillant dans une entreprise de 9 salari\u00e9s de la R\u00e9gion Parisienne ( le si\u00e8ge social se trouve \u00e0 Colombes). L&rsquo;entreprise n&rsquo;applique pas la d\u00e9duction forfaitaire sp\u00e9cifique. Le salari\u00e9 per\u00e7oit une indemnit\u00e9 de panier de 13,51 par jour.&nbsp;<\/h4>\n\n\n\n<p><\/p>\n\n\n\n<div class=\"wp-block-uagb-buttons uagb-buttons__outer-wrap uagb-btn__default-btn uagb-btn-tablet__default-btn uagb-btn-mobile__default-btn uagb-block-0ea07871\"><div class=\"uagb-buttons__wrap uagb-buttons-layout-wrap\">\n<div class=\"wp-block-uagb-buttons-child uagb-buttons__outer-wrap uagb-block-ce6c33fb wp-block-button is-style-outline\"><div class=\"uagb-button__wrapper\"><a class=\"uagb-buttons-repeater wp-block-button__link has-background has-text-color\" href=\"#\" onclick=\"return false;\" rel=\"follow noopener\" target=\"_self\"><div class=\"uagb-button__link\">Indemnit\u00e9 de Panier<\/div><\/a><\/div><\/div>\n<\/div><\/div>\n\n\n\n<p><\/p>\n\n\n\n<div class=\"wp-block-uagb-buttons uagb-buttons__outer-wrap uagb-btn__default-btn uagb-btn-tablet__default-btn uagb-btn-mobile__default-btn uagb-block-163288af\"><div class=\"uagb-buttons__wrap uagb-buttons-layout-wrap\">\n<div class=\"wp-block-uagb-buttons-child uagb-buttons__outer-wrap uagb-block-3f92b9e8 wp-block-button is-style-outline\"><div class=\"uagb-button__wrapper\"><a class=\"uagb-buttons-repeater wp-block-button__link has-background has-text-color\" href=\"https:\/\/sitepersojlc.fr\/wp-content\/uploads\/2025\/10\/BP-1-ETAM-TP-IDCC.zip\" onclick=\"return true;\" rel=\"follow noopener\" target=\"_self\"><div class=\"uagb-button__link\">BULLETIN DE PAIE 1<\/div><\/a><\/div><\/div>\n<\/div><\/div>\n\n\n\n<p><\/p>\n\n\n\n<h3 style=\"text-align: center;\"><strong>Exercice 2<\/strong><\/h3>\n<h4 style=\"text-align: justify;\">Dans ce deuxi\u00e8me exercice on vous demande d&rsquo;\u00e9tablir pour le mois de Septembre 2025 le bulletin de paie d&rsquo;un ETAM BUREAU&nbsp; de Niveau G qui a un contrat de 169 heures par mois. Il effectue au cours du mois de Septembre, outre les 17,33 heures suppl\u00e9mentaires structurelles 4 heures suppl\u00e9mentaires valoris\u00e9es \u00e0 + 25%. Ce salari\u00e9 re\u00e7oit par ailleurs une prime exceptionnelle de 200 euros et b\u00e9n\u00e9ficie d&rsquo;une sur-compl\u00e9mentaire en T1<\/h4>\n\n\n\n<p><\/p>\n\n\n\n<div class=\"wp-block-uagb-buttons uagb-buttons__outer-wrap uagb-btn__default-btn uagb-btn-tablet__default-btn uagb-btn-mobile__default-btn uagb-block-df823ec2\"><div class=\"uagb-buttons__wrap uagb-buttons-layout-wrap\">\n<div class=\"wp-block-uagb-buttons-child uagb-buttons__outer-wrap uagb-block-389b27cf wp-block-button is-style-outline\"><div class=\"uagb-button__wrapper\"><a class=\"uagb-buttons-repeater wp-block-button__link has-background has-text-color\" href=\"https:\/\/sitepersojlc.fr\/wp-content\/uploads\/2025\/10\/BP-2-ETAM-TP-HSUPP-8-SAL.zip\" onclick=\"return true;\" rel=\"follow noopener\" target=\"_self\"><div class=\"uagb-button__link\">BULLETIN DE PAIE 2<\/div><\/a><\/div><\/div>\n<\/div><\/div>\n\n\n\n<p><\/p>\n\n\n\n<p><\/p>\n\n\n\n<h3 style=\"text-align: center;\"><strong>Exercice 3<\/strong>&nbsp;<\/h3>\n<h4 style=\"text-align: justify;\">Vous devez \u00e9tablir le bulletin de paie d&rsquo;un ETAM BUREAU&nbsp; de Niveau G qui a un contrat en forfait de 218 jours et qui s&rsquo;est absent\u00e9 au cours du mois de&nbsp; Septembre 3 jours ( le 22\/09, 23\/09 et 24\/09). Il travaille dans une entreprise de 51 salari\u00e9s dont le si\u00e8ge social se trouve \u00e0 Privas dans le d\u00e9partement de l&rsquo;Ard\u00e8che.&nbsp;<\/h4>\n\n\n\n<p><\/p>\n\n\n\n<p><\/p>\n\n\n\n<div class=\"wp-block-uagb-buttons uagb-buttons__outer-wrap uagb-btn__default-btn uagb-btn-tablet__default-btn uagb-btn-mobile__default-btn uagb-block-6bedf660\"><div class=\"uagb-buttons__wrap uagb-buttons-layout-wrap\">\n<div class=\"wp-block-uagb-buttons-child uagb-buttons__outer-wrap uagb-block-3a0db7f7 wp-block-button is-style-outline\"><div class=\"uagb-button__wrapper\"><a class=\"uagb-buttons-repeater wp-block-button__link has-background has-text-color\" href=\"https:\/\/sitepersojlc.fr\/wp-content\/uploads\/2025\/10\/BP-3-ETAM-FORFAIT-JOURS-ABSENCE-TM.zip\" onclick=\"return true;\" rel=\"follow noopener\" target=\"_self\"><div class=\"uagb-button__link\">BULLETIN DE PAIE 3 <\/div><\/a><\/div><\/div>\n<\/div><\/div>\n\n\n\n<p><\/p>\n\n\n\n<p><\/p>\n\n\n\n<h3 style=\"text-align: center;\"><strong>Exercice 4&nbsp;<\/strong><\/h3>\n<h4 style=\"text-align: justify;\">Dans cet exercice on vous demande d&rsquo;\u00e9tablir le bulletin de paie d&rsquo;un ETAM&nbsp; de niveau C qui est \u00e0 temps partiel (30 heures par semaine 6 heures par jour sur 5 jours) et qui s&rsquo;absente pour convenances personnelles 1 semaine compl\u00e8te en Septembre. Ce salari\u00e9 b\u00e9n\u00e9ficie par ailleurs d&rsquo;une sur-compl\u00e9mentaire.&nbsp;<\/h4>\n\n\n\n<p><\/p>\n\n\n\n<p><\/p>\n\n\n\n<div class=\"wp-block-uagb-buttons uagb-buttons__outer-wrap uagb-btn__default-btn uagb-btn-tablet__default-btn uagb-btn-mobile__default-btn uagb-block-df6bf533\"><div class=\"uagb-buttons__wrap uagb-buttons-layout-wrap\">\n<div class=\"wp-block-uagb-buttons-child uagb-buttons__outer-wrap uagb-block-bbfef9e7 wp-block-button is-style-outline\"><div class=\"uagb-button__wrapper\"><a class=\"uagb-buttons-repeater wp-block-button__link has-background has-text-color\" href=\"https:\/\/sitepersojlc.fr\/wp-content\/uploads\/2025\/10\/ETAM-TP-TEMPS-PARTIEL-ABSENCE.zip\" onclick=\"return true;\" rel=\"follow noopener\" target=\"_self\"><div class=\"uagb-button__link\">BULLETIN DE PAIE 4 <\/div><\/a><\/div><\/div>\n<\/div><\/div>\n\n\n\n<p><\/p>\n\n\n\n<p><\/p>\n\n\n\n<h3 style=\"text-align: center;\">\u00a0<\/h3>\n<p style=\"text-align: center;\">\u00a0<\/p>\n\n\n\n<p><\/p>\n\n\n\n<p><\/p>\n\n\n\n<p><\/p>\n\n\n\n<p><\/p>\n\n\n\n<p><\/p>\n\n\n\n<p><\/p>\n\n\n\n<p><\/p>\n\n\n\n<p><\/p>\n\n\n\n<p><\/p>\n\n\n\n<p><\/p>\n\n\n\n<p><\/p>\n\n\n\n<p><\/p>\n\n\n\n<p><\/p>\n<div class=\"likebtn_container\" style=\"\"><!-- LikeBtn.com BEGIN --><span class=\"likebtn-wrapper\"  data-identifier=\"page_11204\"  data-site_id=\"6663fc396fd08b3d0b514646\"  data-lang=\"fr\"  data-style=\"\"  data-unlike_allowed=\"\"  data-show_copyright=\"\"  data-item_url=\"https:\/\/sitepersojlc.fr\/?page_id=11204\"  data-item_title=\"7.Bulletins de Paie Comment\u00e9s des ETAM des Travaux Publics IDCC 2614\"  data-item_date=\"2025-09-06T08:46:52+00:00\"  data-engine=\"WordPress\"  data-plugin_v=\"2.6.52\"  data-prx=\"https:\/\/sitepersojlc.fr\/wp-admin\/admin-ajax.php?action=likebtn_prx\"  data-event_handler=\"likebtn_eh\" ><\/span><!-- LikeBtn.com END --><\/div>","protected":false},"excerpt":{"rendered":"<p>7.Bulletins de Paie Comment\u00e9s des ETAM&nbsp; des Travaux Publics IDCC 2614 L&rsquo;ordre des chapitres suit une progression p\u00e9dagogique&nbsp; Exercice 1&nbsp; Dans ce premier exercice vous allez \u00eatre amen\u00e9 \u00e0 \u00e9tablir le bulletin de paie de Janvier 2025 d&rsquo;un ETAM&nbsp; CHANTIER de Niveau D travaillant dans une entreprise de 9 salari\u00e9s de la R\u00e9gion Parisienne ( [&hellip;]<\/p>\n<div class=\"likebtn_container\" style=\"\"><!-- LikeBtn.com BEGIN --><span class=\"likebtn-wrapper\"  data-identifier=\"page_11204\"  data-site_id=\"6663fc396fd08b3d0b514646\"  data-lang=\"fr\"  data-style=\"\"  data-unlike_allowed=\"\"  data-show_copyright=\"\"  data-item_url=\"https:\/\/sitepersojlc.fr\/?page_id=11204\"  data-item_title=\"7.Bulletins de Paie Comment\u00e9s des ETAM des Travaux Publics IDCC 2614\"  data-item_date=\"2025-09-06T08:46:52+00:00\"  data-engine=\"WordPress\"  data-plugin_v=\"2.6.52\"  data-prx=\"https:\/\/sitepersojlc.fr\/wp-admin\/admin-ajax.php?action=likebtn_prx\"  data-event_handler=\"likebtn_eh\" ><\/span><!-- LikeBtn.com END --><\/div>","protected":false},"author":1,"featured_media":0,"parent":0,"menu_order":0,"comment_status":"closed","ping_status":"closed","template":"","meta":{"om_disable_all_campaigns":false,"_uag_custom_page_level_css":"","_monsterinsights_skip_tracking":false,"_monsterinsights_sitenote_active":false,"_monsterinsights_sitenote_note":"","_monsterinsights_sitenote_category":0,"_uf_show_specific_survey":0,"_uf_disable_surveys":false,"footnotes":""},"aioseo_notices":[],"uagb_featured_image_src":{"full":false,"thumbnail":false,"medium":false,"medium_large":false,"large":false,"1536x1536":false,"2048x2048":false},"uagb_author_info":{"display_name":"lechev.1910@gmail.com","author_link":"https:\/\/sitepersojlc.fr\/?author=1"},"uagb_comment_info":0,"uagb_excerpt":"7.Bulletins de Paie Comment\u00e9s des ETAM&nbsp; des Travaux Publics IDCC 2614 L&rsquo;ordre des chapitres suit une progression p\u00e9dagogique&nbsp; Exercice 1&nbsp; Dans ce premier exercice vous allez \u00eatre amen\u00e9 \u00e0 \u00e9tablir le bulletin de paie de Janvier 2025 d&rsquo;un ETAM&nbsp; CHANTIER de Niveau D travaillant dans une entreprise de 9 salari\u00e9s de la R\u00e9gion Parisienne (\u2026","_links":{"self":[{"href":"https:\/\/sitepersojlc.fr\/index.php?rest_route=\/wp\/v2\/pages\/11204"}],"collection":[{"href":"https:\/\/sitepersojlc.fr\/index.php?rest_route=\/wp\/v2\/pages"}],"about":[{"href":"https:\/\/sitepersojlc.fr\/index.php?rest_route=\/wp\/v2\/types\/page"}],"author":[{"embeddable":true,"href":"https:\/\/sitepersojlc.fr\/index.php?rest_route=\/wp\/v2\/users\/1"}],"replies":[{"embeddable":true,"href":"https:\/\/sitepersojlc.fr\/index.php?rest_route=%2Fwp%2Fv2%2Fcomments&post=11204"}],"version-history":[{"count":27,"href":"https:\/\/sitepersojlc.fr\/index.php?rest_route=\/wp\/v2\/pages\/11204\/revisions"}],"predecessor-version":[{"id":11809,"href":"https:\/\/sitepersojlc.fr\/index.php?rest_route=\/wp\/v2\/pages\/11204\/revisions\/11809"}],"wp:attachment":[{"href":"https:\/\/sitepersojlc.fr\/index.php?rest_route=%2Fwp%2Fv2%2Fmedia&parent=11204"}],"curies":[{"name":"wp","href":"https:\/\/api.w.org\/{rel}","templated":true}]}}