{"id":11084,"date":"2025-08-07T15:14:41","date_gmt":"2025-08-07T15:14:41","guid":{"rendered":"https:\/\/sitepersojlc.fr\/?page_id=11084"},"modified":"2025-11-04T05:58:02","modified_gmt":"2025-11-04T05:58:02","slug":"bulletins-de-paie-des-ouvriers-du-batiment","status":"publish","type":"page","link":"https:\/\/sitepersojlc.fr\/?page_id=11084","title":{"rendered":"4. Bulletins de Paie Comment\u00e9s des Ouvriers du b\u00e2timent IDCC 1596"},"content":{"rendered":"\n<p><\/p>\n\n\n\n<h4 style=\"text-align: center;\">4. Bulletins de Paie Comment\u00e9s des ouvriers du b\u00e2timent relevant de l&rsquo;IDCC 1596<\/h4>\n\n\n\n<p><\/p>\n\n\n\n<figure class=\"wp-block-image size-full is-resized\"><img decoding=\"async\" loading=\"lazy\" src=\"https:\/\/sitepersojlc.fr\/wp-content\/uploads\/2025\/08\/Amitabha_HAR.jpg\" alt=\"\" class=\"wp-image-11099\" width=\"760\" height=\"928\"\/><\/figure>\n\n\n\n<p><\/p>\n\n\n\n<p><\/p>\n\n\n\n<h4 style=\"text-align: justify;\">Vous allez trouver sur cette page une s\u00e9rie d&rsquo;exercices corrig\u00e9s concernant les ouvriers du B\u00e2timent relevant de la \u00a0\u00bb <em>Convention Collective Nationale<\/em> <em>des ouvriers employ\u00e9s par des entreprises du b\u00e2timent&nbsp; &nbsp;vis\u00e9es par le d\u00e9cret du 1er Mars 1962 c&rsquo;est \u00e0 dire&nbsp; occupant jusqu&rsquo;\u00e0&nbsp; 10 salari\u00e9s \u00a0\u00bb&nbsp;<\/em><\/h4>\n<h4 style=\"text-align: center;\">&nbsp;<\/h4>\n\n\n\n<p><\/p>\n\n\n\n<p><\/p>\n\n\n\n<div class=\"wp-block-uagb-buttons uagb-buttons__outer-wrap uagb-btn__default-btn uagb-btn-tablet__default-btn uagb-btn-mobile__default-btn uagb-block-bc984044\"><div class=\"uagb-buttons__wrap uagb-buttons-layout-wrap\">\n<div class=\"wp-block-uagb-buttons-child uagb-buttons__outer-wrap uagb-block-997d74a5 wp-block-button is-style-outline\"><div class=\"uagb-button__wrapper\"><a class=\"uagb-buttons-repeater wp-block-button__link has-background has-text-color\" href=\"https:\/\/sitepersojlc.fr\/wp-content\/uploads\/2025\/10\/SYNTHESE-COTISATIONS-IDCC-1596.zip\" onclick=\"return true;\" rel=\"follow noopener\" target=\"_self\"><div class=\"uagb-button__link\">Synth\u00e8se des Cotisations IDCC 1596<\/div><\/a><\/div><\/div>\n<\/div><\/div>\n\n\n\n<p><\/p>\n\n\n\n<p><\/p>\n\n\n\n<p><\/p>\n\n\n\n<p><\/p>\n\n\n\n<div class=\"wp-block-uagb-buttons uagb-buttons__outer-wrap uagb-btn__default-btn uagb-btn-tablet__default-btn uagb-btn-mobile__default-btn uagb-block-d05c486f\"><div class=\"uagb-buttons__wrap uagb-buttons-layout-wrap\">\n<div class=\"wp-block-uagb-buttons-child uagb-buttons__outer-wrap uagb-block-48474734 wp-block-button is-style-outline\"><div class=\"uagb-button__wrapper\"><a class=\"uagb-buttons-repeater wp-block-button__link has-background has-text-color\" href=\"https:\/\/sitepersojlc.fr\/wp-content\/uploads\/2025\/09\/ccn-ouvriers-bat-moins10salaries-8-10-1990.pdf\" onclick=\"return true;\" rel=\"follow noopener\" target=\"_self\"><div class=\"uagb-button__link\">Texte de la CCN IDCC 1596<\/div><\/a><\/div><\/div>\n<\/div><\/div>\n\n\n\n<p><\/p>\n\n\n\n<h4 style=\"text-align: justify;\">Dans chaque fichier&nbsp; ci-dessous vous retrouverez un bulletin de paie avec la justification d\u00e9taill\u00e9e des bases de calcul des cotisations et la documentation n\u00e9cessaire \u00e0 la compr\u00e9hension et \u00e0 l&rsquo;alimentation des donn\u00e9es sp\u00e9cifiques applicables ( par exemple le salaire minimum applicable \u00e0 la r\u00e9gion o\u00f9 se trouve le si\u00e8ge social de l&rsquo;entreprise&nbsp; ainsi que les indemnit\u00e9s de petit d\u00e9placement applicables)&nbsp;<\/h4>\n\n\n\n<p><\/p>\n\n\n\n<p><\/p>\n\n\n\n<p><\/p>\n\n\n\n<p><\/p>\n\n\n\n<h3 style=\"text-align: center;\"><strong>Bulletin de Paie Comment\u00e9 1 IDCC 1596&nbsp;<\/strong><\/h3>\n<h4 style=\"text-align: justify;\">Dans le premier exercice que je vous propose vous devrez \u00e9tablir pour F\u00e9vrier 2025,&nbsp; le bulletin de paie d&rsquo;un ouvrier du b\u00e2timent relevant de l&rsquo;IDCC 1596&nbsp; qui travaille dans une entreprise de 9 salari\u00e9s dont le si\u00e8ge social se trouve \u00e0 Colombes (92). Ses horaires de travail sont de 35 heures par semaine et il per\u00e7oit au cours du mois de F\u00e9vrier 2025 une <strong>indemnit\u00e9 de trajet<\/strong> et une <strong>indemnit\u00e9 de transport<\/strong> ( il soit&nbsp; se rendre sur des chantiers en utilisant son v\u00e9hicule personnel.)&nbsp;&nbsp;<\/h4>\n\n\n\n<p><\/p>\n\n\n\n<p><\/p>\n\n\n\n<div class=\"wp-block-uagb-buttons uagb-buttons__outer-wrap uagb-btn__default-btn uagb-btn-tablet__default-btn uagb-btn-mobile__default-btn uagb-block-72027203\"><div class=\"uagb-buttons__wrap uagb-buttons-layout-wrap\">\n<div class=\"wp-block-uagb-buttons-child uagb-buttons__outer-wrap uagb-block-fef6da7f wp-block-button is-style-outline\"><div class=\"uagb-button__wrapper\"><a class=\"uagb-buttons-repeater wp-block-button__link has-background has-text-color\" href=\"https:\/\/sitepersojlc.fr\/wp-content\/uploads\/2025\/10\/4.-DEF-OUVRIER-B-ITRAJ-TRANSORT-9-SAL.zip\" onclick=\"return true;\" rel=\"follow noopener\" target=\"_self\"><div class=\"uagb-button__link\">Bulletin de Paie Comment\u00e9 1<\/div><\/a><\/div><\/div>\n<\/div><\/div>\n\n\n\n<p><\/p>\n\n\n\n<p><\/p>\n\n\n\n<p><\/p>\n\n\n\n<p><\/p>\n\n\n\n<p><\/p>\n\n\n\n<div class=\"wp-block-uagb-buttons uagb-buttons__outer-wrap uagb-btn__default-btn uagb-btn-tablet__default-btn uagb-btn-mobile__default-btn uagb-block-f77df399\"><div class=\"uagb-buttons__wrap uagb-buttons-layout-wrap\"><\/div><\/div>\n\n\n\n<div class=\"wp-block-uagb-buttons uagb-buttons__outer-wrap uagb-btn__default-btn uagb-btn-tablet__default-btn uagb-btn-mobile__default-btn uagb-block-4aa84869\"><div class=\"uagb-buttons__wrap uagb-buttons-layout-wrap\"><\/div><\/div>\n\n\n\n<h3 style=\"text-align: center;\"><strong>Bulletin de Paie<\/strong> C<strong>omment\u00e9 2 IDCC 1596<\/strong><\/h3>\n\n\n\n<p><\/p>\n\n\n\n<h4 style=\"text-align: justify;\">Vous devez \u00e9tablir le bulletin de paie d&rsquo;un salari\u00e9 \u00e0 temps partiel (30 heures par semaine) qui per\u00e7oit une indemnit\u00e9 de transport et une indemnit\u00e9 de trajet<\/h4>\n\n\n\n<p><\/p>\n\n\n\n<p><\/p>\n\n\n\n<div class=\"wp-block-uagb-buttons uagb-buttons__outer-wrap uagb-btn__default-btn uagb-btn-tablet__default-btn uagb-btn-mobile__default-btn uagb-block-1f3f5c2c\"><div class=\"uagb-buttons__wrap uagb-buttons-layout-wrap\">\n<div class=\"wp-block-uagb-buttons-child uagb-buttons__outer-wrap uagb-block-346d3425 wp-block-button is-style-outline\"><div class=\"uagb-button__wrapper\"><a class=\"uagb-buttons-repeater wp-block-button__link has-background has-text-color\" href=\"https:\/\/sitepersojlc.fr\/wp-content\/uploads\/2025\/10\/B-DEF-TEMPS-PARTIEL-9-SAL-O.zip\" onclick=\"return true;\" rel=\"follow noopener\" target=\"_self\"><div class=\"uagb-button__link\">Bulletin de Paie Comment\u00e9 2 <\/div><\/a><\/div><\/div>\n<\/div><\/div>\n\n\n\n<p><\/p>\n\n\n\n<p><\/p>\n\n\n\n<h3 style=\"text-align: center;\"><strong>Bulletin de Paie Comment\u00e9 3 IDCC 1596<\/strong>&nbsp;<\/h3>\n\n\n\n<p><\/p>\n\n\n\n<h4 style=\"text-align: justify;\">Dans ce troisi\u00e8me exercice vous allez \u00e9tablir le bulletin de paie d&rsquo;un ouvrier de Niveau 1 Position 2 Coefficient 170 travaillant dans une entreprise de 9 salari\u00e9s&nbsp; dont le si\u00e8ge social se trouve \u00e0 Colombes (92) et&nbsp; dont le code APE est 4339Z. Cette entreprise applique la D\u00e9duction Forfaitaire Sp\u00e9cifique. Au cours du Mois de <strong>F\u00e9vrier 2025<\/strong> ce salari\u00e9 effectue 5 <strong>heures suppl\u00e9mentaires<\/strong> \u00e0 + 25 % et per\u00e7oit pour ses d\u00e9placements sur chantier une <strong>indemnit\u00e9 de trajet<\/strong> et une <strong>indemnit\u00e9 de panier<\/strong> (repas). Il per\u00e7oit \u00e9galement une <strong>prime exceptionnelle<\/strong> de 500 euros.<\/h4>\n\n\n\n<p><\/p>\n\n\n\n<p><\/p>\n\n\n\n<p><\/p>\n\n\n\n<p><\/p>\n\n\n\n<div class=\"wp-block-uagb-buttons uagb-buttons__outer-wrap uagb-btn__default-btn uagb-btn-tablet__default-btn uagb-btn-mobile__default-btn uagb-block-db5c37c9\"><div class=\"uagb-buttons__wrap uagb-buttons-layout-wrap\">\n<div class=\"wp-block-uagb-buttons-child uagb-buttons__outer-wrap uagb-block-bb696aa4 wp-block-button is-style-outline\"><div class=\"uagb-button__wrapper\"><a class=\"uagb-buttons-repeater wp-block-button__link has-background has-text-color\" href=\"https:\/\/sitepersojlc.fr\/wp-content\/uploads\/2025\/10\/5-DEEF-B-ITRAJ-PANIER-HSUPP-9SAL.zip\" onclick=\"return true;\" rel=\"follow noopener\" target=\"_self\"><div class=\"uagb-button__link\">Bulletin de Paie Comment\u00e9 3 <\/div><\/a><\/div><\/div>\n<\/div><\/div>\n\n\n\n<p><\/p>\n\n\n\n<p><\/p>\n\n\n\n<p><\/p>\n\n\n\n<div class=\"wp-block-uagb-buttons uagb-buttons__outer-wrap uagb-btn__default-btn uagb-btn-tablet__default-btn uagb-btn-mobile__default-btn uagb-block-db8adf52\"><div class=\"uagb-buttons__wrap uagb-buttons-layout-wrap\"><\/div><\/div>\n\n\n\n<h3 style=\"text-align: center;\"><strong>Bulletin de Paie Comment\u00e9 4 IDCC 1596<\/strong><\/h3>\n<h4 style=\"text-align: justify;\">Dans cet exercice vous traitez \u00e9galement une <strong>indemnit\u00e9 de trajet<\/strong> et une <strong>indemnit\u00e9 de panier<\/strong> Mais le r\u00e9gime suivi par l&rsquo;indemnit\u00e9 de panier est diff\u00e9rent. C&rsquo;est une alternative au traitement abord\u00e9 dans le pr\u00e9c\u00e9dent bulletin de paie<\/h4>\n\n\n\n<p><\/p>\n\n\n\n<p><\/p>\n\n\n\n<div class=\"wp-block-uagb-buttons uagb-buttons__outer-wrap uagb-btn__default-btn uagb-btn-tablet__default-btn uagb-btn-mobile__default-btn uagb-block-cbc2fb3f\"><div class=\"uagb-buttons__wrap uagb-buttons-layout-wrap\">\n<div class=\"wp-block-uagb-buttons-child uagb-buttons__outer-wrap uagb-block-b18dcac6 wp-block-button is-style-outline\"><div class=\"uagb-button__wrapper\"><a class=\"uagb-buttons-repeater wp-block-button__link has-background has-text-color\" href=\"https:\/\/sitepersojlc.fr\/wp-content\/uploads\/2025\/10\/B-ITRAJET-IPANIER-HSUPP-T.zip\" onclick=\"return true;\" rel=\"follow noopener\" target=\"_self\"><div class=\"uagb-button__link\">Bulletin de Paie Comment\u00e9 4<\/div><\/a><\/div><\/div>\n<\/div><\/div>\n\n\n\n<p><\/p>\n\n\n\n<p><\/p>\n\n\n\n<h3 style=\"text-align: center;\"><strong>Bulletin de Paie Comment\u00e9 5 IDCC 1596<\/strong><\/h3>\n<h4 style=\"text-align: justify;\">Dans cet exercice vous devrez \u00e9tablir le bulletin de paie d&rsquo;un salari\u00e9 qui re\u00e7oit une <strong>prime de partage de la valeur<\/strong> de 3000 euros. Il b\u00e9n\u00e9ficie \u00e9galement&nbsp; d&rsquo;une i<strong>ndemnit\u00e9 de trajet<\/strong> et d&rsquo;une <strong>indemnit\u00e9 de transport.<\/strong>&nbsp;<\/h4>\n\n\n\n<p><\/p>\n\n\n\n<div class=\"wp-block-uagb-buttons uagb-buttons__outer-wrap uagb-btn__default-btn uagb-btn-tablet__default-btn uagb-btn-mobile__default-btn uagb-block-c0ec1ece\"><div class=\"uagb-buttons__wrap uagb-buttons-layout-wrap\">\n<div class=\"wp-block-uagb-buttons-child uagb-buttons__outer-wrap uagb-block-4c55e2aa wp-block-button is-style-outline\"><div class=\"uagb-button__wrapper\"><a class=\"uagb-buttons-repeater wp-block-button__link has-background has-text-color\" href=\"https:\/\/sitepersojlc.fr\/wp-content\/uploads\/2025\/10\/B-O-IDCC-1596-PPV-ITRAJET-ITRANSPORT.zip\" onclick=\"return true;\" rel=\"follow noopener\" target=\"_self\"><div class=\"uagb-button__link\">Bulletin de Paie Comment\u00e9 5 <\/div><\/a><\/div><\/div>\n<\/div><\/div>\n\n\n\n<p><\/p>\n\n\n\n<p><\/p>\n\n\n\n<h3 style=\"text-align: center;\"><strong>APPROFONDISSEMENT&nbsp;<\/strong><\/h3>\n\n\n\n\n\n<h4 style=\"text-align: center;\"><strong>Bulletin de Paie Comment\u00e9 6 IDCC 1596<\/strong><\/h4>\n\n\n\n<p><\/p>\n\n\n\n<h4 style=\"text-align: justify;\">Dans cet exemple vous allez&nbsp; \u00e9tablir le bulletin de paie de <strong>Janvier 2025<\/strong>&nbsp; d&rsquo;un <strong>ouvrier<\/strong> de Niveau 3 Position 1 Coefficient 210 travaillant dans une entreprise de 9 salari\u00e9s relevant de la convention collective IDCC 1596 dont le si\u00e8ge social se trouve \u00e0 Colombes (92) et le code APE 4339Z. Ce salari\u00e9 est <strong>absent pour maladie non professionnelle&nbsp;<\/strong> au cours du mois et compte tenu de son anciennet\u00e9 peut b\u00e9n\u00e9ficier d&rsquo;un maintien de salaire \u00e0 compter du 4 \u00e9me jour d&rsquo;absence. Il effectue au cours de ce m\u00eame mois&nbsp; des <strong>heures suppl\u00e9mentaires<\/strong> et per\u00e7oit une <strong>indemnit\u00e9 de trajet. <\/strong>L&#8217;employeur est <strong>subrog\u00e9<\/strong> et fait l&rsquo;avance au salari\u00e9 des&nbsp; IJSS&nbsp;<\/h4>\n\n\n\n<p><\/p>\n\n\n\n<p><\/p>\n\n\n\n\n\n<div class=\"wp-block-uagb-buttons uagb-buttons__outer-wrap uagb-btn__default-btn uagb-btn-tablet__default-btn uagb-btn-mobile__default-btn uagb-block-1f1e4238\"><div class=\"uagb-buttons__wrap uagb-buttons-layout-wrap\">\n<div class=\"wp-block-uagb-buttons-child uagb-buttons__outer-wrap uagb-block-c8516854 wp-block-button is-style-outline\"><div class=\"uagb-button__wrapper\"><a class=\"uagb-buttons-repeater wp-block-button__link has-background has-text-color\" href=\"#\" onclick=\"return false;\" rel=\"follow noopener\" target=\"_self\"><div class=\"uagb-button__link\">Bulletin de Paie Comment\u00e9 6 <\/div><\/a><\/div><\/div>\n<\/div><\/div>\n\n\n\n<p><\/p>\n\n\n\n<p><\/p>\n\n\n\n<div class=\"wp-block-uagb-buttons uagb-buttons__outer-wrap uagb-btn__default-btn uagb-btn-tablet__default-btn uagb-btn-mobile__default-btn uagb-block-388b18a3\"><div class=\"uagb-buttons__wrap uagb-buttons-layout-wrap\"><\/div><\/div>\n\n\n\n<p><\/p>\n\n\n\n<p><\/p>\n\n\n\n\n\n<h4 style=\"text-align: center;\"><strong>Bulletin de Paie Comment\u00e9 7 IDCC 1596&nbsp;<\/strong><\/h4>\n\n\n\n<p><\/p>\n\n\n\n<p><\/p>\n\n\n\n<h4 style=\"text-align: justify;\">Vous prenez les m\u00eames hypoth\u00e8ses que celles d\u00e9finies ci-dessus. Mais ici l&#8217;employeur ne versera les IJSS qu&rsquo;apr\u00e8s les avoir re\u00e7ues de la CPAM\u00a0\u00a0<\/h4>\n\n\n\n<p><\/p>\n\n\n\n<p><\/p>\n\n\n\n<div class=\"wp-block-uagb-buttons uagb-buttons__outer-wrap uagb-btn__default-btn uagb-btn-tablet__default-btn uagb-btn-mobile__default-btn uagb-block-348487c7\"><div class=\"uagb-buttons__wrap uagb-buttons-layout-wrap\">\n<div class=\"wp-block-uagb-buttons-child uagb-buttons__outer-wrap uagb-block-63db6633 wp-block-button is-style-outline\"><div class=\"uagb-button__wrapper\"><a class=\"uagb-buttons-repeater wp-block-button__link has-background has-text-color\" href=\"#\" onclick=\"return false;\" rel=\"follow noopener\" target=\"_self\"><div class=\"uagb-button__link\">Bulletin de Paie Comment\u00e9 7  <\/div><\/a><\/div><\/div>\n<\/div><\/div>\n\n\n\n<p><\/p>\n\n\n\n<p><\/p>\n\n\n\n<p><\/p>\n\n\n\n<p><\/p>\n\n\n\n<p><\/p>\n\n\n\n<p><\/p>\n\n\n\n<p><\/p>\n\n\n\n<p><\/p>\n\n\n\n<p><\/p>\n\n\n\n<p><\/p>\n\n\n\n<p><\/p>\n\n\n\n<p><\/p>\n\n\n\n<p><\/p>\n\n\n\n<p><\/p>\n\n\n\n<p><\/p>\n\n\n\n<p><\/p>\n\n\n\n<p><\/p>\n\n\n\n<p><\/p>\n\n\n\n<p><\/p>\n<div class=\"likebtn_container\" style=\"\"><!-- LikeBtn.com BEGIN --><span class=\"likebtn-wrapper\"  data-identifier=\"page_11084\"  data-site_id=\"6663fc396fd08b3d0b514646\"  data-lang=\"fr\"  data-style=\"\"  data-unlike_allowed=\"\"  data-show_copyright=\"\"  data-item_url=\"https:\/\/sitepersojlc.fr\/?page_id=11084\"  data-item_title=\"4. Bulletins de Paie Comment\u00e9s des Ouvriers du b\u00e2timent IDCC 1596\"  data-item_date=\"2025-08-07T15:14:41+00:00\"  data-engine=\"WordPress\"  data-plugin_v=\"2.6.52\"  data-prx=\"https:\/\/sitepersojlc.fr\/wp-admin\/admin-ajax.php?action=likebtn_prx\"  data-event_handler=\"likebtn_eh\" ><\/span><!-- LikeBtn.com END --><\/div>","protected":false},"excerpt":{"rendered":"<p>4. Bulletins de Paie Comment\u00e9s des ouvriers du b\u00e2timent relevant de l&rsquo;IDCC 1596 Vous allez trouver sur cette page une s\u00e9rie d&rsquo;exercices corrig\u00e9s concernant les ouvriers du B\u00e2timent relevant de la \u00a0\u00bb Convention Collective Nationale des ouvriers employ\u00e9s par des entreprises du b\u00e2timent&nbsp; &nbsp;vis\u00e9es par le d\u00e9cret du 1er Mars 1962 c&rsquo;est \u00e0 dire&nbsp; occupant [&hellip;]<\/p>\n<div class=\"likebtn_container\" style=\"\"><!-- LikeBtn.com BEGIN --><span class=\"likebtn-wrapper\"  data-identifier=\"page_11084\"  data-site_id=\"6663fc396fd08b3d0b514646\"  data-lang=\"fr\"  data-style=\"\"  data-unlike_allowed=\"\"  data-show_copyright=\"\"  data-item_url=\"https:\/\/sitepersojlc.fr\/?page_id=11084\"  data-item_title=\"4. Bulletins de Paie Comment\u00e9s des Ouvriers du b\u00e2timent IDCC 1596\"  data-item_date=\"2025-08-07T15:14:41+00:00\"  data-engine=\"WordPress\"  data-plugin_v=\"2.6.52\"  data-prx=\"https:\/\/sitepersojlc.fr\/wp-admin\/admin-ajax.php?action=likebtn_prx\"  data-event_handler=\"likebtn_eh\" ><\/span><!-- LikeBtn.com END --><\/div>","protected":false},"author":1,"featured_media":0,"parent":0,"menu_order":0,"comment_status":"closed","ping_status":"closed","template":"","meta":{"om_disable_all_campaigns":false,"_uag_custom_page_level_css":"","_monsterinsights_skip_tracking":false,"_monsterinsights_sitenote_active":false,"_monsterinsights_sitenote_note":"","_monsterinsights_sitenote_category":0,"_uf_show_specific_survey":0,"_uf_disable_surveys":false,"footnotes":""},"aioseo_notices":[],"uagb_featured_image_src":{"full":false,"thumbnail":false,"medium":false,"medium_large":false,"large":false,"1536x1536":false,"2048x2048":false},"uagb_author_info":{"display_name":"lechev.1910@gmail.com","author_link":"https:\/\/sitepersojlc.fr\/?author=1"},"uagb_comment_info":0,"uagb_excerpt":"4. Bulletins de Paie Comment\u00e9s des ouvriers du b\u00e2timent relevant de l&rsquo;IDCC 1596 Vous allez trouver sur cette page une s\u00e9rie d&rsquo;exercices corrig\u00e9s concernant les ouvriers du B\u00e2timent relevant de la \u00a0\u00bb Convention Collective Nationale des ouvriers employ\u00e9s par des entreprises du b\u00e2timent&nbsp; &nbsp;vis\u00e9es par le d\u00e9cret du 1er Mars 1962 c&rsquo;est \u00e0 dire&nbsp; occupant\u2026","_links":{"self":[{"href":"https:\/\/sitepersojlc.fr\/index.php?rest_route=\/wp\/v2\/pages\/11084"}],"collection":[{"href":"https:\/\/sitepersojlc.fr\/index.php?rest_route=\/wp\/v2\/pages"}],"about":[{"href":"https:\/\/sitepersojlc.fr\/index.php?rest_route=\/wp\/v2\/types\/page"}],"author":[{"embeddable":true,"href":"https:\/\/sitepersojlc.fr\/index.php?rest_route=\/wp\/v2\/users\/1"}],"replies":[{"embeddable":true,"href":"https:\/\/sitepersojlc.fr\/index.php?rest_route=%2Fwp%2Fv2%2Fcomments&post=11084"}],"version-history":[{"count":62,"href":"https:\/\/sitepersojlc.fr\/index.php?rest_route=\/wp\/v2\/pages\/11084\/revisions"}],"predecessor-version":[{"id":11866,"href":"https:\/\/sitepersojlc.fr\/index.php?rest_route=\/wp\/v2\/pages\/11084\/revisions\/11866"}],"wp:attachment":[{"href":"https:\/\/sitepersojlc.fr\/index.php?rest_route=%2Fwp%2Fv2%2Fmedia&parent=11084"}],"curies":[{"name":"wp","href":"https:\/\/api.w.org\/{rel}","templated":true}]}}